Last updated on 2024-05-07 06:55:54 CEST.
Flavor | Version | Tinstall | Tcheck | Ttotal | Status | Flags |
---|---|---|---|---|---|---|
r-devel-linux-x86_64-debian-clang | 1.5 | 16.70 | 114.45 | 131.15 | OK | |
r-devel-linux-x86_64-debian-gcc | 1.5 | 12.18 | 85.92 | 98.10 | OK | |
r-devel-linux-x86_64-fedora-clang | 1.5 | 166.58 | NOTE | |||
r-devel-linux-x86_64-fedora-gcc | 1.5 | 224.44 | NOTE | |||
r-devel-windows-x86_64 | 1.5 | 16.00 | 98.00 | 114.00 | OK | |
r-patched-linux-x86_64 | 1.5 | 13.33 | 110.98 | 124.31 | OK | |
r-release-linux-x86_64 | 1.5 | 10.69 | 108.21 | 118.90 | OK | |
r-release-macos-arm64 | 1.5 | 47.00 | OK | |||
r-release-windows-x86_64 | 1.5 | 17.00 | 97.00 | 114.00 | OK | |
r-oldrel-macos-arm64 | 1.5 | 50.00 | OK | |||
r-oldrel-macos-x86_64 | 1.5 | 76.00 | OK | |||
r-oldrel-windows-x86_64 | 1.5 | 21.00 | 118.00 | 139.00 | OK |
Version: 1.5
Check: compiled code
Result: NOTE
File ‘INSPIRE/libs/INSPIRE.so’:
Found no calls to: ‘R_registerRoutines’, ‘R_useDynamicSymbols’
It is good practice to register native routines and to disable symbol
search.
See ‘Writing portable packages’ in the ‘Writing R Extensions’ manual.
Flavors: r-devel-linux-x86_64-fedora-clang, r-devel-linux-x86_64-fedora-gcc