Last updated on 2024-04-19 19:50:17 CEST.
Flavor | Version | Tinstall | Tcheck | Ttotal | Status | Flags |
---|---|---|---|---|---|---|
r-devel-linux-x86_64-debian-clang | 3.2.1 | 55.05 | 66.41 | 121.46 | NOTE | |
r-devel-linux-x86_64-debian-gcc | 3.2.1 | NOTE | ||||
r-devel-linux-x86_64-fedora-clang | 3.2.1 | 168.16 | NOTE | |||
r-devel-linux-x86_64-fedora-gcc | 3.2.1 | 169.55 | NOTE | |||
r-prerel-macos-arm64 | 3.2.1 | 41.00 | NOTE | |||
r-prerel-windows-x86_64 | 3.2.1 | 42.00 | 88.00 | 130.00 | NOTE | |
r-patched-linux-x86_64 | 3.2.1 | 60.50 | 63.75 | 124.25 | NOTE | |
r-release-linux-x86_64 | 3.2.1 | 50.40 | 67.07 | 117.47 | NOTE | |
r-release-macos-arm64 | 3.2.1 | 51.00 | NOTE | |||
r-release-macos-x86_64 | 3.2.1 | 77.00 | NOTE | |||
r-release-windows-x86_64 | 3.2.1 | 57.00 | 103.00 | 160.00 | NOTE | |
r-oldrel-macos-arm64 | 3.2.1 | 42.00 | NOTE | |||
r-oldrel-windows-x86_64 | 3.2.1 | 56.00 | 161.00 | 217.00 | NOTE |
Version: 3.2.1
Check: C++ specification
Result: NOTE
Specified C++11: please drop specification unless essential
Flavors: r-devel-linux-x86_64-debian-clang, r-devel-linux-x86_64-debian-gcc, r-devel-linux-x86_64-fedora-clang, r-devel-linux-x86_64-fedora-gcc, r-prerel-macos-arm64, r-prerel-windows-x86_64, r-patched-linux-x86_64, r-release-linux-x86_64, r-release-macos-arm64, r-release-macos-x86_64, r-release-windows-x86_64
Version: 3.2.1
Check: LazyData
Result: NOTE
'LazyData' is specified without a 'data' directory
Flavors: r-devel-linux-x86_64-debian-clang, r-devel-linux-x86_64-debian-gcc, r-devel-linux-x86_64-fedora-clang, r-devel-linux-x86_64-fedora-gcc, r-prerel-macos-arm64, r-prerel-windows-x86_64, r-patched-linux-x86_64, r-release-linux-x86_64, r-release-macos-arm64, r-release-macos-x86_64, r-release-windows-x86_64, r-oldrel-macos-arm64, r-oldrel-windows-x86_64