Last updated on 2024-04-19 06:56:21 CEST.
Flavor | Version | Tinstall | Tcheck | Ttotal | Status | Flags |
---|---|---|---|---|---|---|
r-devel-linux-x86_64-debian-clang | 1.2.1 | 4.35 | 40.05 | 44.40 | OK | |
r-devel-linux-x86_64-debian-gcc | 1.2.1 | OK | ||||
r-devel-linux-x86_64-fedora-clang | 1.2.1 | 52.92 | OK | |||
r-devel-linux-x86_64-fedora-gcc | 1.2.1 | 52.10 | OK | |||
r-prerel-macos-arm64 | 1.2.1 | 23.00 | OK | |||
r-prerel-windows-x86_64 | 1.2.1 | 5.00 | 54.00 | 59.00 | OK | |
r-patched-linux-x86_64 | 1.2.1 | 7.87 | 36.98 | 44.85 | OK | |
r-release-linux-x86_64 | 1.2.1 | 2.55 | 37.04 | 39.59 | OK | |
r-release-macos-arm64 | 1.2.1 | 21.00 | OK | |||
r-release-macos-x86_64 | 1.2.1 | 33.00 | NOTE | |||
r-release-windows-x86_64 | 1.2.1 | 5.00 | 58.00 | 63.00 | OK | |
r-oldrel-macos-arm64 | 1.2.1 | 24.00 | OK | |||
r-oldrel-windows-x86_64 | 1.2.1 | 5.00 | 62.00 | 67.00 | OK |
Version: 1.2.1
Check: package dependencies
Result: NOTE
Package suggested but not available for checking: ‘LSDsensitivity’
Flavor: r-release-macos-x86_64
Version: 1.2.1
Check: Rd cross-references
Result: NOTE
Package unavailable to check Rd xrefs: ‘LSDsensitivity’
Flavor: r-release-macos-x86_64