Last updated on 2024-04-18 18:57:44 CEST.
Flavor | Version | Tinstall | Tcheck | Ttotal | Status | Flags |
---|---|---|---|---|---|---|
r-devel-linux-x86_64-debian-clang | 11.0-0 | 43.55 | 109.00 | 152.55 | OK | |
r-devel-linux-x86_64-debian-gcc | 11.0-0 | 38.89 | 83.19 | 122.08 | OK | |
r-devel-linux-x86_64-fedora-clang | 11.0-0 | 202.37 | NOTE | |||
r-devel-linux-x86_64-fedora-gcc | 11.0-0 | 202.26 | OK | |||
r-prerel-macos-arm64 | 11.0-0 | 78.00 | NOTE | |||
r-prerel-windows-x86_64 | 11.0-0 | 42.00 | 119.00 | 161.00 | NOTE | |
r-patched-linux-x86_64 | 11.0-0 | 45.16 | 103.69 | 148.85 | OK | |
r-release-linux-x86_64 | 11.0-0 | 44.88 | 106.01 | 150.89 | OK | |
r-release-macos-arm64 | 11.0-0 | 86.00 | NOTE | |||
r-release-macos-x86_64 | 11.0-0 | 191.00 | NOTE | |||
r-release-windows-x86_64 | 11.0-0 | 52.00 | 131.00 | 183.00 | NOTE | |
r-oldrel-macos-arm64 | 11.0-0 | 78.00 | NOTE | |||
r-oldrel-windows-x86_64 | 11.0-0 | 56.00 | 137.00 | 193.00 | NOTE |
Version: 11.0-0
Check: installed package size
Result: NOTE
installed size is 6.5Mb
sub-directories of 1Mb or more:
data 5.6Mb
Flavors: r-devel-linux-x86_64-fedora-clang, r-prerel-macos-arm64, r-prerel-windows-x86_64, r-release-macos-arm64, r-release-macos-x86_64, r-release-windows-x86_64, r-oldrel-macos-arm64, r-oldrel-windows-x86_64
Version: 11.0-0
Check: Rd cross-references
Result: NOTE
Undeclared package ‘plyr’ in Rd xrefs
Flavor: r-devel-linux-x86_64-fedora-clang