Last updated on 2024-03-28 06:01:29 CET.
Flavor | Version | Tinstall | Tcheck | Ttotal | Status | Flags |
---|---|---|---|---|---|---|
r-devel-linux-x86_64-debian-clang | 2.7.1 | 253.03 | 177.11 | 430.14 | NOTE | |
r-devel-linux-x86_64-debian-gcc | 2.7.1 | 194.69 | 129.09 | 323.78 | NOTE | |
r-devel-linux-x86_64-fedora-clang | 2.7.1 | 641.65 | NOTE | |||
r-devel-linux-x86_64-fedora-gcc | 2.7.1 | 592.17 | NOTE | |||
r-devel-windows-x86_64 | 2.7.1 | 195.00 | 161.00 | 356.00 | NOTE | |
r-patched-linux-x86_64 | 2.7.1 | 233.85 | 171.45 | 405.30 | OK | |
r-release-linux-x86_64 | 2.7.1 | 240.66 | 172.99 | 413.65 | OK | |
r-release-macos-arm64 | 2.7.1 | 126.00 | NOTE | |||
r-release-macos-x86_64 | 2.7.1 | 217.00 | NOTE | |||
r-release-windows-x86_64 | 2.7.1 | 242.00 | 203.00 | 445.00 | NOTE | |
r-oldrel-macos-arm64 | 2.7.1 | 120.00 | NOTE | |||
r-oldrel-windows-x86_64 | 2.7.1 | 248.00 | 201.00 | 449.00 | NOTE |
Version: 2.7.1
Check: Rd files
Result: NOTE
checkRd: (-1) RepLOptim.Rd:21: Lost braces; missing escapes or markup?
21 | \item{gr}{A function to return the gradient for the \dQuote{nlminb}, \dQuote{BFGS}, \dQuote{CG} and {L-BFGS-B} methods. If it is \sQuote{NULL}, a finite-difference approximation will be used. For the \dQuote{SANN} method it specifies a function to generate a new candidate point. If it is \sQuote{NULL} a default Gaussian Markov kernel is used.}
| ^
checkRd: (-1) Robda-methods.Rd:69: Lost braces
69 | \seealso{\code{\link{lda}}, \code{\link{qda}}, \code{\link{snda}}, \code{\linkS4class{IData}}, \code{\linkS4class{RobEstControl}},code{\link{ConfMat}} }
| ^
Flavors: r-devel-linux-x86_64-debian-clang, r-devel-linux-x86_64-debian-gcc, r-devel-linux-x86_64-fedora-clang, r-devel-linux-x86_64-fedora-gcc, r-devel-windows-x86_64
Version: 2.7.1
Check: installed package size
Result: NOTE
installed size is 5.4Mb
sub-directories of 1Mb or more:
R 1.5Mb
data 2.3Mb
libs 1.3Mb
Flavors: r-devel-windows-x86_64, r-release-macos-arm64, r-release-macos-x86_64, r-release-windows-x86_64, r-oldrel-macos-arm64, r-oldrel-windows-x86_64