Last updated on 2024-04-19 19:50:18 CEST.
Flavor | Version | Tinstall | Tcheck | Ttotal | Status | Flags |
---|---|---|---|---|---|---|
r-devel-linux-x86_64-debian-clang | 3.11.9 | 18.97 | 321.24 | 340.21 | NOTE | |
r-devel-linux-x86_64-debian-gcc | 3.11.9 | NOTE | ||||
r-devel-linux-x86_64-fedora-clang | 3.11.9 | 408.16 | NOTE | |||
r-devel-linux-x86_64-fedora-gcc | 3.11.9 | 400.81 | NOTE | |||
r-prerel-macos-arm64 | 3.11.9 | 105.00 | NOTE | |||
r-prerel-macos-x86_64 | 3.11.9 | 348.00 | NOTE | |||
r-prerel-windows-x86_64 | 3.11.9 | 21.00 | 280.00 | 301.00 | NOTE | |
r-patched-linux-x86_64 | 3.11.9 | 28.51 | 293.63 | 322.14 | NOTE | |
r-release-linux-x86_64 | 3.11.9 | 19.26 | 303.87 | 323.13 | NOTE | |
r-release-macos-arm64 | 3.11.9 | 120.00 | NOTE | |||
r-release-macos-x86_64 | 3.11.9 | 311.00 | NOTE | |||
r-release-windows-x86_64 | 3.11.9 | 26.00 | 341.00 | 367.00 | NOTE | |
r-oldrel-macos-arm64 | 3.11.9 | 121.00 | NOTE | |||
r-oldrel-windows-x86_64 | 3.11.9 | 27.00 | 337.00 | 364.00 | NOTE |
Version: 3.11.9
Check: package dependencies
Result: NOTE
Package suggested but not available for checking: ‘marssTMB’
Flavors: r-devel-linux-x86_64-debian-clang, r-devel-linux-x86_64-debian-gcc, r-devel-linux-x86_64-fedora-clang, r-devel-linux-x86_64-fedora-gcc, r-prerel-macos-arm64, r-prerel-macos-x86_64, r-prerel-windows-x86_64, r-patched-linux-x86_64, r-release-linux-x86_64, r-release-macos-arm64, r-release-macos-x86_64, r-release-windows-x86_64, r-oldrel-macos-arm64, r-oldrel-windows-x86_64