Last updated on 2024-03-28 06:01:29 CET.
Flavor | Version | Tinstall | Tcheck | Ttotal | Status | Flags |
---|---|---|---|---|---|---|
r-devel-linux-x86_64-debian-clang | 1.7-0 | 741.70 | 157.40 | 899.10 | OK | |
r-devel-linux-x86_64-debian-gcc | 1.7-0 | 385.35 | 117.27 | 502.62 | OK | |
r-devel-linux-x86_64-fedora-clang | 1.7-0 | 1186.25 | NOTE | |||
r-devel-linux-x86_64-fedora-gcc | 1.7-0 | 901.11 | OK | |||
r-devel-windows-x86_64 | 1.7-0 | 326.00 | 166.00 | 492.00 | OK | |
r-patched-linux-x86_64 | 1.7-0 | 456.43 | 156.51 | 612.94 | OK | |
r-release-linux-x86_64 | 1.7-0 | 459.44 | 154.35 | 613.79 | OK | |
r-release-macos-arm64 | 1.7-0 | 227.00 | NOTE | |||
r-release-macos-x86_64 | 1.7-0 | 253.00 | NOTE | |||
r-release-windows-x86_64 | 1.7-0 | 392.00 | 206.00 | 598.00 | OK | |
r-oldrel-macos-arm64 | 1.7-0 | 225.00 | NOTE | |||
r-oldrel-windows-x86_64 | 1.7-0 | 353.00 | 173.00 | 526.00 | OK |
Version: 1.7-0
Check: installed package size
Result: NOTE
installed size is 6.8Mb
sub-directories of 1Mb or more:
libs 5.7Mb
Flavors: r-devel-linux-x86_64-fedora-clang, r-release-macos-arm64, r-release-macos-x86_64, r-oldrel-macos-arm64