Last updated on 2024-03-28 17:49:33 CET.
Flavor | Version | Tinstall | Tcheck | Ttotal | Status | Flags |
---|---|---|---|---|---|---|
r-devel-linux-x86_64-debian-clang | 0.4.0 | 115.76 | 79.04 | 194.80 | NOTE | |
r-devel-linux-x86_64-debian-gcc | 0.4.0 | 89.63 | 61.96 | 151.59 | NOTE | |
r-devel-linux-x86_64-fedora-clang | 0.4.0 | 279.11 | NOTE | |||
r-devel-linux-x86_64-fedora-gcc | 0.4.0 | 286.13 | NOTE | |||
r-devel-windows-x86_64 | 0.4.0 | 84.00 | 95.00 | 179.00 | NOTE | |
r-patched-linux-x86_64 | 0.4.0 | 105.06 | 80.11 | 185.17 | NOTE | |
r-release-linux-x86_64 | 0.4.0 | 108.72 | 79.61 | 188.33 | NOTE | |
r-release-macos-arm64 | 0.4.0 | 81.00 | NOTE | |||
r-release-macos-x86_64 | 0.4.0 | 123.00 | NOTE | |||
r-release-windows-x86_64 | 0.4.0 | 104.00 | 115.00 | 219.00 | NOTE | |
r-oldrel-macos-arm64 | 0.4.0 | 62.00 | NOTE | |||
r-oldrel-windows-x86_64 | 0.4.0 | 103.00 | 115.00 | 218.00 | NOTE |
Version: 0.4.0
Check: C++ specification
Result: NOTE
Specified C++11: please drop specification unless essential
Flavors: r-devel-linux-x86_64-debian-clang, r-devel-linux-x86_64-debian-gcc, r-devel-linux-x86_64-fedora-clang, r-devel-linux-x86_64-fedora-gcc, r-devel-windows-x86_64, r-patched-linux-x86_64, r-release-linux-x86_64, r-release-macos-arm64, r-release-macos-x86_64, r-release-windows-x86_64
Version: 0.4.0
Check: LazyData
Result: NOTE
'LazyData' is specified without a 'data' directory
Flavors: r-devel-linux-x86_64-debian-clang, r-devel-linux-x86_64-debian-gcc, r-devel-linux-x86_64-fedora-clang, r-devel-linux-x86_64-fedora-gcc, r-devel-windows-x86_64, r-patched-linux-x86_64, r-release-linux-x86_64, r-release-macos-arm64, r-release-macos-x86_64, r-release-windows-x86_64, r-oldrel-macos-arm64, r-oldrel-windows-x86_64
Version: 0.4.0
Check: Rd cross-references
Result: NOTE
Undeclared package ‘coda’ in Rd xrefs
Flavor: r-devel-linux-x86_64-fedora-clang
Version: 0.4.0
Check: installed package size
Result: NOTE
installed size is 17.2Mb
sub-directories of 1Mb or more:
libs 16.7Mb
Flavors: r-release-macos-arm64, r-release-macos-x86_64, r-oldrel-macos-arm64