Last updated on 2024-04-19 19:50:19 CEST.
Flavor | Version | Tinstall | Tcheck | Ttotal | Status | Flags |
---|---|---|---|---|---|---|
r-devel-linux-x86_64-debian-clang | 1.0.1 | 7.40 | 71.14 | 78.54 | OK | |
r-devel-linux-x86_64-debian-gcc | 1.0.1 | OK | ||||
r-devel-linux-x86_64-fedora-clang | 1.0.1 | 99.43 | NOTE | |||
r-devel-linux-x86_64-fedora-gcc | 1.0.1 | 108.70 | OK | |||
r-prerel-macos-arm64 | 1.0.1 | 37.00 | NOTE | |||
r-prerel-windows-x86_64 | 1.0.1 | 8.00 | 85.00 | 93.00 | NOTE | |
r-patched-linux-x86_64 | 1.0.1 | 9.67 | 68.63 | 78.30 | OK | |
r-release-linux-x86_64 | 1.0.1 | 6.97 | 66.58 | 73.55 | OK | |
r-release-macos-arm64 | 1.0.1 | 36.00 | NOTE | |||
r-release-macos-x86_64 | 1.0.1 | 61.00 | NOTE | |||
r-release-windows-x86_64 | 1.0.1 | 9.00 | 92.00 | 101.00 | NOTE | |
r-oldrel-macos-arm64 | 1.0.1 | 36.00 | NOTE | |||
r-oldrel-windows-x86_64 | 1.0.1 | 10.00 | 88.00 | 98.00 | NOTE |
Version: 1.0.1
Check: installed package size
Result: NOTE
installed size is 7.6Mb
sub-directories of 1Mb or more:
doc 1.9Mb
extdata 5.3Mb
Flavors: r-devel-linux-x86_64-fedora-clang, r-prerel-macos-arm64, r-prerel-windows-x86_64, r-release-macos-arm64, r-release-macos-x86_64, r-release-windows-x86_64, r-oldrel-macos-arm64, r-oldrel-windows-x86_64