Last updated on 2024-05-07 18:49:52 CEST.
Flavor | Version | Tinstall | Tcheck | Ttotal | Status | Flags |
---|---|---|---|---|---|---|
r-devel-linux-x86_64-debian-clang | 0.3.3 | 2.91 | 32.35 | 35.26 | OK | |
r-devel-linux-x86_64-debian-gcc | 0.3.3 | 1.77 | 24.81 | 26.58 | OK | |
r-devel-linux-x86_64-fedora-clang | 0.3.3 | 49.61 | OK | |||
r-devel-linux-x86_64-fedora-gcc | 0.3.3 | 62.95 | OK | |||
r-devel-windows-x86_64 | 0.3.3 | 3.00 | 50.00 | 53.00 | OK | |
r-patched-linux-x86_64 | 0.3.3 | 2.21 | 30.39 | 32.60 | OK | |
r-release-linux-x86_64 | 0.3.3 | 1.98 | 31.09 | 33.07 | OK | |
r-release-macos-arm64 | 0.3.3 | 25.00 | NOTE | |||
r-release-windows-x86_64 | 0.3.3 | 3.00 | 49.00 | 52.00 | OK | |
r-oldrel-macos-arm64 | 0.3.3 | 26.00 | NOTE | |||
r-oldrel-macos-x86_64 | 0.3.3 | 35.00 | NOTE | |||
r-oldrel-windows-x86_64 | 0.3.3 | 3.00 | 48.00 | 51.00 | OK |
Version: 0.3.3
Check: package dependencies
Result: NOTE
Package suggested but not available for checking: ‘IlluminaHumanMethylation450kmanifest’
Flavor: r-release-macos-arm64
Version: 0.3.3
Check: package dependencies
Result: NOTE
Packages suggested but not available for checking:
'minfi', 'GEOquery', 'IlluminaHumanMethylation450kmanifest'
Flavor: r-oldrel-macos-arm64
Version: 0.3.3
Check: package dependencies
Result: NOTE
Packages suggested but not available for checking:
'minfi', 'IlluminaHumanMethylation450kmanifest'
Flavor: r-oldrel-macos-x86_64