Last updated on 2024-05-04 06:52:09 CEST.
Flavor | Version | Tinstall | Tcheck | Ttotal | Status | Flags |
---|---|---|---|---|---|---|
r-devel-linux-x86_64-debian-clang | 3.1.0 | 0.56 | 2.21 | 2.77 | ERROR | |
r-devel-linux-x86_64-debian-gcc | 3.1.0 | 37.83 | 249.16 | 286.99 | OK | |
r-devel-linux-x86_64-fedora-clang | 3.1.0 | 520.33 | OK | |||
r-devel-linux-x86_64-fedora-gcc | 3.1.0 | 473.72 | OK | |||
r-devel-windows-x86_64 | 3.1.0 | 40.00 | 249.00 | 289.00 | OK | |
r-patched-linux-x86_64 | 3.1.0 | 47.53 | 329.21 | 376.74 | OK | |
r-release-linux-x86_64 | 3.1.0 | 41.31 | 324.24 | 365.55 | OK | |
r-release-macos-arm64 | 3.1.0 | 128.00 | OK | |||
r-release-macos-x86_64 | 3.1.0 | 229.00 | OK | |||
r-release-windows-x86_64 | 3.1.0 | 41.00 | 251.00 | 292.00 | OK | |
r-oldrel-macos-arm64 | 3.1.0 | 141.00 | OK | |||
r-oldrel-macos-x86_64 | 3.1.0 | 222.00 | OK | |||
r-oldrel-windows-x86_64 | 3.1.0 | 54.00 | 331.00 | 385.00 | OK |
Version: 3.1.0
Check: package dependencies
Result: ERROR
Package required but not available: ‘WGCNA’
See section ‘The DESCRIPTION file’ in the ‘Writing R Extensions’
manual.
Flavor: r-devel-linux-x86_64-debian-clang