Last updated on 2024-05-07 18:49:52 CEST.
Flavor | Version | Tinstall | Tcheck | Ttotal | Status | Flags |
---|---|---|---|---|---|---|
r-devel-linux-x86_64-debian-clang | 3.7.1 | 151.29 | 302.94 | 454.23 | OK | |
r-devel-linux-x86_64-debian-gcc | 3.7.1 | 126.16 | 211.00 | 337.16 | OK | |
r-devel-linux-x86_64-fedora-clang | 3.7.1 | 694.78 | NOTE | |||
r-devel-linux-x86_64-fedora-gcc | 3.7.1 | 647.22 | OK | |||
r-devel-windows-x86_64 | 3.7.1 | 139.00 | 239.00 | 378.00 | NOTE | |
r-patched-linux-x86_64 | 3.7.1 | 178.26 | 290.64 | 468.90 | OK | |
r-release-linux-x86_64 | 3.7.1 | 163.98 | 288.29 | 452.27 | OK | |
r-release-macos-arm64 | 3.7.1 | 128.00 | NOTE | |||
r-release-macos-x86_64 | 3.7.1 | 338.00 | NOTE | |||
r-release-windows-x86_64 | 3.7.1 | 141.00 | 256.00 | 397.00 | NOTE | |
r-oldrel-macos-arm64 | 3.7.1 | 133.00 | NOTE | |||
r-oldrel-macos-x86_64 | 3.7.1 | 254.00 | NOTE | |||
r-oldrel-windows-x86_64 | 3.7.1 | 170.00 | 306.00 | 476.00 | NOTE |
Version: 3.7.1
Check: installed package size
Result: NOTE
installed size is 7.8Mb
sub-directories of 1Mb or more:
R 1.9Mb
data 4.4Mb
Flavors: r-devel-linux-x86_64-fedora-clang, r-devel-windows-x86_64, r-release-macos-arm64, r-release-macos-x86_64, r-release-windows-x86_64, r-oldrel-macos-arm64, r-oldrel-macos-x86_64, r-oldrel-windows-x86_64