Last updated on 2024-03-28 17:49:34 CET.
Flavor | Version | Tinstall | Tcheck | Ttotal | Status | Flags |
---|---|---|---|---|---|---|
r-devel-linux-x86_64-debian-clang | 2.51 | 406.78 | 463.09 | 869.87 | OK | |
r-devel-linux-x86_64-debian-gcc | 2.51 | 358.94 | 317.54 | 676.48 | OK | |
r-devel-linux-x86_64-fedora-clang | 2.51 | 1130.06 | NOTE | |||
r-devel-linux-x86_64-fedora-gcc | 2.51 | 1205.84 | OK | |||
r-devel-windows-x86_64 | 2.51 | 311.00 | 341.00 | 652.00 | NOTE | |
r-patched-linux-x86_64 | 2.51 | 439.14 | 429.89 | 869.03 | OK | |
r-release-linux-x86_64 | 2.51 | 429.55 | 422.15 | 851.70 | OK | |
r-release-macos-arm64 | 2.51 | 255.00 | NOTE | |||
r-release-macos-x86_64 | 2.51 | 473.00 | NOTE | |||
r-release-windows-x86_64 | 2.51 | 403.00 | 455.00 | 858.00 | NOTE | |
r-oldrel-macos-arm64 | 2.51 | 261.00 | NOTE | |||
r-oldrel-windows-x86_64 | 2.51 | 372.00 | 423.00 | 795.00 | NOTE |
Version: 2.51
Check: installed package size
Result: NOTE
installed size is 6.7Mb
sub-directories of 1Mb or more:
libs 6.2Mb
Flavors: r-devel-linux-x86_64-fedora-clang, r-devel-windows-x86_64, r-release-macos-arm64, r-release-macos-x86_64, r-release-windows-x86_64, r-oldrel-macos-arm64, r-oldrel-windows-x86_64