Last updated on 2024-04-19 06:56:21 CEST.
Flavor | Version | Tinstall | Tcheck | Ttotal | Status | Flags |
---|---|---|---|---|---|---|
r-devel-linux-x86_64-debian-clang | 4.5.5 | 109.65 | 219.32 | 328.97 | NOTE | |
r-devel-linux-x86_64-debian-gcc | 4.5.5 | NOTE | ||||
r-devel-linux-x86_64-fedora-clang | 4.5.5 | 462.00 | NOTE | |||
r-devel-linux-x86_64-fedora-gcc | 4.5.5 | 482.45 | NOTE | |||
r-prerel-macos-arm64 | 4.5.5 | 109.00 | NOTE | |||
r-prerel-windows-x86_64 | 4.5.5 | 85.00 | 206.00 | 291.00 | NOTE | |
r-patched-linux-x86_64 | 4.5.5 | 119.70 | 211.74 | 331.44 | NOTE | |
r-release-linux-x86_64 | 4.5.5 | 112.04 | 211.00 | 323.04 | NOTE | |
r-release-macos-arm64 | 4.5.5 | 124.00 | NOTE | |||
r-release-macos-x86_64 | 4.5.5 | 256.00 | NOTE | |||
r-release-windows-x86_64 | 4.5.5 | 109.00 | 246.00 | 355.00 | NOTE | |
r-oldrel-macos-arm64 | 4.5.5 | 107.00 | NOTE | |||
r-oldrel-windows-x86_64 | 4.5.5 | 101.00 | 228.00 | 329.00 | NOTE |
Version: 4.5.5
Check: package dependencies
Result: NOTE
Package suggested but not available for checking: ‘gurobi’
Flavors: r-devel-linux-x86_64-debian-clang, r-devel-linux-x86_64-debian-gcc, r-devel-linux-x86_64-fedora-clang, r-devel-linux-x86_64-fedora-gcc, r-prerel-macos-arm64, r-prerel-windows-x86_64, r-patched-linux-x86_64, r-release-linux-x86_64, r-release-macos-arm64, r-release-macos-x86_64, r-release-windows-x86_64, r-oldrel-macos-arm64, r-oldrel-windows-x86_64
Version: 4.5.5
Check: installed package size
Result: NOTE
installed size is 5.8Mb
sub-directories of 1Mb or more:
doc 1.4Mb
libs 3.3Mb
Flavors: r-prerel-macos-arm64, r-release-macos-arm64, r-release-macos-x86_64, r-oldrel-macos-arm64