Last updated on 2024-05-02 07:10:55 CEST.
Flavor | Version | Tinstall | Tcheck | Ttotal | Status | Flags |
---|---|---|---|---|---|---|
r-devel-linux-x86_64-debian-clang | 1.0.1 | 1.98 | 42.26 | 44.24 | NOTE | |
r-devel-linux-x86_64-debian-gcc | 1.0.1 | 2.26 | 31.09 | 33.35 | NOTE | |
r-devel-linux-x86_64-fedora-clang | 1.0.1 | 57.32 | NOTE | |||
r-devel-linux-x86_64-fedora-gcc | 1.0.1 | 69.73 | NOTE | |||
r-devel-windows-x86_64 | 1.0.1 | 4.00 | 54.00 | 58.00 | OK | |
r-patched-linux-x86_64 | 1.0.1 | 3.61 | 40.90 | 44.51 | NOTE | |
r-release-linux-x86_64 | 1.0.1 | 2.77 | 41.55 | 44.32 | NOTE | |
r-release-macos-arm64 | 1.0.1 | 27.00 | OK | |||
r-release-windows-x86_64 | 1.0.1 | 3.00 | 54.00 | 57.00 | OK | |
r-oldrel-macos-arm64 | 1.0.1 | 29.00 | OK | |||
r-oldrel-macos-x86_64 | 1.0.1 | 38.00 | OK | |||
r-oldrel-windows-x86_64 | 1.0.1 | 4.00 | 60.00 | 64.00 | OK |
Version: 1.0.1
Check: for non-standard things in the check directory
Result: NOTE
Found the following files/directories:
‘MetProc_output.pdf’ ‘sample_removed.csv’ ‘sample_retained.csv’
Flavors: r-devel-linux-x86_64-debian-clang, r-devel-linux-x86_64-debian-gcc, r-devel-linux-x86_64-fedora-clang, r-devel-linux-x86_64-fedora-gcc, r-patched-linux-x86_64, r-release-linux-x86_64