Last updated on 2024-04-18 18:57:47 CEST.
Flavor | Version | Tinstall | Tcheck | Ttotal | Status | Flags |
---|---|---|---|---|---|---|
r-devel-linux-x86_64-debian-clang | 2.0.0 | 40.40 | 436.48 | 476.88 | NOTE | |
r-devel-linux-x86_64-debian-gcc | 2.0.0 | 33.34 | 306.05 | 339.39 | NOTE | |
r-devel-linux-x86_64-fedora-clang | 2.0.0 | 565.20 | NOTE | |||
r-devel-linux-x86_64-fedora-gcc | 2.0.0 | 597.14 | NOTE | |||
r-prerel-macos-arm64 | 2.0.0 | 131.00 | NOTE | |||
r-prerel-windows-x86_64 | 2.0.0 | 31.00 | 314.00 | 345.00 | NOTE | |
r-patched-linux-x86_64 | 2.0.0 | 43.00 | 415.04 | 458.04 | NOTE | |
r-release-linux-x86_64 | 2.0.0 | 36.04 | 403.91 | 439.95 | OK | |
r-release-macos-arm64 | 2.0.0 | 157.00 | NOTE | |||
r-release-macos-x86_64 | 2.0.0 | 293.00 | NOTE | |||
r-release-windows-x86_64 | 2.0.0 | 43.00 | 398.00 | 441.00 | NOTE | |
r-oldrel-macos-arm64 | 2.0.0 | 133.00 | NOTE | |||
r-oldrel-windows-x86_64 | 2.0.0 | 44.00 | 399.00 | 443.00 | NOTE |
Version: 2.0.0
Check: Rd files
Result: NOTE
checkRd: (-1) rland.graph.Rd:27: Lost braces in \itemize; \value handles \item{}{} directly
checkRd: (-1) rland.graph.Rd:28: Lost braces in \itemize; \value handles \item{}{} directly
checkRd: (-1) rland.graph.Rd:29: Lost braces in \itemize; \value handles \item{}{} directly
checkRd: (-1) rland.graph.Rd:30: Lost braces in \itemize; \value handles \item{}{} directly
checkRd: (-1) rland.graph.Rd:31: Lost braces in \itemize; \value handles \item{}{} directly
checkRd: (-1) rland.graph.Rd:32: Lost braces in \itemize; \value handles \item{}{} directly
checkRd: (-1) rland.graph.Rd:33-34: Lost braces in \itemize; \value handles \item{}{} directly
Flavors: r-devel-linux-x86_64-debian-clang, r-devel-linux-x86_64-debian-gcc, r-devel-linux-x86_64-fedora-clang, r-devel-linux-x86_64-fedora-gcc, r-prerel-macos-arm64, r-prerel-windows-x86_64, r-patched-linux-x86_64
Version: 2.0.0
Check: installed package size
Result: NOTE
installed size is 14.4Mb
sub-directories of 1Mb or more:
data 3.0Mb
examples 10.3Mb
Flavors: r-devel-linux-x86_64-fedora-clang, r-prerel-macos-arm64, r-prerel-windows-x86_64, r-release-macos-arm64, r-release-macos-x86_64, r-release-windows-x86_64, r-oldrel-macos-arm64, r-oldrel-windows-x86_64