Last updated on 2024-05-07 06:55:57 CEST.
Flavor | Version | Tinstall | Tcheck | Ttotal | Status | Flags |
---|---|---|---|---|---|---|
r-devel-linux-x86_64-debian-clang | 1.3.0 | 99.33 | 251.93 | 351.26 | NOTE | |
r-devel-linux-x86_64-debian-gcc | 1.3.0 | 79.33 | 189.28 | 268.61 | NOTE | |
r-devel-linux-x86_64-fedora-clang | 1.3.0 | 445.18 | OK | |||
r-devel-linux-x86_64-fedora-gcc | 1.3.0 | 527.92 | OK | |||
r-devel-windows-x86_64 | 1.3.0 | 76.00 | 214.00 | 290.00 | OK | |
r-patched-linux-x86_64 | 1.3.0 | 70.31 | 237.81 | 308.12 | NOTE | |
r-release-linux-x86_64 | 1.3.0 | 71.79 | 240.65 | 312.44 | NOTE | |
r-release-macos-arm64 | 1.3.0 | 118.00 | NOTE | |||
r-release-macos-x86_64 | 1.3.0 | 284.00 | NOTE | |||
r-release-windows-x86_64 | 1.3.0 | 72.00 | 193.00 | 265.00 | OK | |
r-oldrel-macos-arm64 | 1.3.0 | 117.00 | NOTE | |||
r-oldrel-macos-x86_64 | 1.3.0 | 301.00 | NOTE | |||
r-oldrel-windows-x86_64 | 1.3.0 | 93.00 | 259.00 | 352.00 | NOTE |
Version: 1.3.0
Check: package dependencies
Result: NOTE
Package suggested but not available for checking: ‘INLA’
Flavors: r-devel-linux-x86_64-debian-clang, r-devel-linux-x86_64-debian-gcc, r-patched-linux-x86_64, r-release-linux-x86_64, r-release-macos-arm64, r-release-macos-x86_64, r-oldrel-macos-arm64, r-oldrel-macos-x86_64, r-oldrel-windows-x86_64
Version: 1.3.0
Check: installed package size
Result: NOTE
installed size is 12.8Mb
sub-directories of 1Mb or more:
libs 11.5Mb
Flavors: r-release-macos-arm64, r-release-macos-x86_64, r-oldrel-macos-arm64, r-oldrel-macos-x86_64