Last updated on 2024-04-28 06:56:06 CEST.
Flavor | Version | Tinstall | Tcheck | Ttotal | Status | Flags |
---|---|---|---|---|---|---|
r-devel-linux-x86_64-debian-clang | 0.1-3 | 14.43 | 121.49 | 135.92 | NOTE | |
r-devel-linux-x86_64-debian-gcc | 0.1-3 | 10.36 | 86.81 | 97.17 | NOTE | |
r-devel-linux-x86_64-fedora-clang | 0.1-3 | 166.07 | NOTE | |||
r-devel-linux-x86_64-fedora-gcc | 0.1-3 | 178.51 | NOTE | |||
r-devel-windows-x86_64 | 0.1-3 | 23.00 | 132.00 | 155.00 | NOTE | |
r-patched-linux-x86_64 | 0.1-3 | 17.31 | 104.66 | 121.97 | NOTE | |
r-release-linux-x86_64 | 0.1-3 | 16.05 | 117.77 | 133.82 | OK | |
r-release-macos-arm64 | 0.1-3 | 58.00 | NOTE | |||
r-release-windows-x86_64 | 0.1-3 | 23.00 | 133.00 | 156.00 | NOTE | |
r-oldrel-macos-arm64 | 0.1-3 | 63.00 | NOTE | |||
r-oldrel-macos-x86_64 | 0.1-3 | 142.00 | NOTE | |||
r-oldrel-windows-x86_64 | 0.1-3 | 26.00 | 148.00 | 174.00 | OK |
Version: 0.1-3
Check: Rd files
Result: NOTE
checkRd: (-1) u4_cba_cor.Rd:35: Lost braces
35 | \code{t * 1} and \code{B} is of dimension{t * N}. Ideally, \code{fun.sim}()
| ^
Flavors: r-devel-linux-x86_64-debian-clang, r-devel-linux-x86_64-debian-gcc, r-devel-linux-x86_64-fedora-clang, r-devel-linux-x86_64-fedora-gcc, r-devel-windows-x86_64, r-patched-linux-x86_64, r-release-macos-arm64, r-release-windows-x86_64
Version: 0.1-3
Check: package dependencies
Result: NOTE
Package which this enhances but not available for checking: ‘pbdMPI’
Flavors: r-release-macos-arm64, r-oldrel-macos-arm64, r-oldrel-macos-x86_64