Last updated on 2024-04-23 18:51:02 CEST.
Flavor | Version | Tinstall | Tcheck | Ttotal | Status | Flags |
---|---|---|---|---|---|---|
r-devel-linux-x86_64-debian-clang | 2.12 | 306.51 | 213.09 | 519.60 | OK | |
r-devel-linux-x86_64-debian-gcc | 2.12 | 230.11 | 152.10 | 382.21 | OK | |
r-devel-linux-x86_64-fedora-clang | 2.12 | 720.24 | OK | |||
r-devel-linux-x86_64-fedora-gcc | 2.12 | 746.97 | OK | |||
r-prerel-macos-arm64 | 2.12 | 129.00 | NOTE | |||
r-prerel-windows-x86_64 | 2.12 | 226.00 | 216.00 | 442.00 | NOTE | |
r-patched-linux-x86_64 | 2.12 | 289.51 | 200.34 | 489.85 | OK | |
r-release-linux-x86_64 | 2.12 | 279.59 | 205.37 | 484.96 | OK | |
r-release-macos-arm64 | 2.12 | 139.00 | NOTE | |||
r-release-macos-x86_64 | 2.12 | 213.00 | NOTE | |||
r-release-windows-x86_64 | 2.12 | 284.00 | 271.00 | 555.00 | NOTE | |
r-oldrel-macos-arm64 | 2.12 | 147.00 | NOTE | |||
r-oldrel-windows-x86_64 | 2.12 | 271.00 | 244.00 | 515.00 | NOTE |
Version: 2.12
Check: installed package size
Result: NOTE
installed size is 10.8Mb
sub-directories of 1Mb or more:
data 2.0Mb
libs 7.1Mb
Flavors: r-prerel-macos-arm64, r-prerel-windows-x86_64, r-release-macos-arm64, r-release-macos-x86_64, r-release-windows-x86_64, r-oldrel-macos-arm64, r-oldrel-windows-x86_64