Last updated on 2024-03-28 06:01:30 CET.
Flavor | Version | Tinstall | Tcheck | Ttotal | Status | Flags |
---|---|---|---|---|---|---|
r-devel-linux-x86_64-debian-clang | 1.1.3 | 8.33 | 78.30 | 86.63 | OK | |
r-devel-linux-x86_64-debian-gcc | 1.1.3 | 6.08 | 58.92 | 65.00 | OK | |
r-devel-linux-x86_64-fedora-clang | 1.1.3 | 106.73 | NOTE | |||
r-devel-linux-x86_64-fedora-gcc | 1.1.3 | 117.75 | NOTE | |||
r-devel-windows-x86_64 | 1.1.3 | 8.00 | 74.00 | 82.00 | OK | |
r-patched-linux-x86_64 | 1.1.3 | 8.99 | 75.55 | 84.54 | OK | |
r-release-linux-x86_64 | 1.1.3 | 7.62 | 76.20 | 83.82 | OK | |
r-release-macos-arm64 | 1.1.3 | 43.00 | OK | |||
r-release-macos-x86_64 | 1.1.3 | 63.00 | OK | |||
r-release-windows-x86_64 | 1.1.3 | 10.00 | 87.00 | 97.00 | OK | |
r-oldrel-macos-arm64 | 1.1.3 | 31.00 | NOTE | |||
r-oldrel-windows-x86_64 | 1.1.3 | 11.00 | 93.00 | 104.00 | OK |
Version: 1.1.3
Check: data for non-ASCII characters
Result: NOTE
Note: found 6 marked UTF-8 strings
Flavors: r-devel-linux-x86_64-fedora-clang, r-devel-linux-x86_64-fedora-gcc, r-oldrel-macos-arm64