Last updated on 2024-03-28 17:49:35 CET.
Flavor | Version | Tinstall | Tcheck | Ttotal | Status | Flags |
---|---|---|---|---|---|---|
r-devel-linux-x86_64-debian-clang | 0.13.5 | 320.37 | 140.02 | 460.39 | OK | |
r-devel-linux-x86_64-debian-gcc | 0.13.5 | 230.86 | 100.05 | 330.91 | OK | |
r-devel-linux-x86_64-fedora-clang | 0.13.5 | 661.86 | OK | |||
r-devel-linux-x86_64-fedora-gcc | 0.13.5 | 646.13 | OK | |||
r-devel-windows-x86_64 | 0.13.5 | 235.00 | 137.00 | 372.00 | OK | |
r-patched-linux-x86_64 | 0.13.5 | 286.68 | 131.94 | 418.62 | OK | |
r-release-linux-x86_64 | 0.13.5 | 302.25 | 131.72 | 433.97 | OK | |
r-release-macos-arm64 | 0.13.5 | 93.00 | NOTE | |||
r-release-macos-x86_64 | 0.13.5 | 170.00 | NOTE | |||
r-release-windows-x86_64 | 0.13.5 | 284.00 | 177.00 | 461.00 | OK | |
r-oldrel-macos-arm64 | 0.13.5 | 96.00 | NOTE | |||
r-oldrel-windows-x86_64 | 0.13.5 | 285.00 | 160.00 | 445.00 | OK |
Version: 0.13.5
Check: installed package size
Result: NOTE
installed size is 7.3Mb
sub-directories of 1Mb or more:
libs 6.6Mb
Flavors: r-release-macos-arm64, r-release-macos-x86_64, r-oldrel-macos-arm64