Last updated on 2024-05-07 18:49:53 CEST.
Flavor | Version | Tinstall | Tcheck | Ttotal | Status | Flags |
---|---|---|---|---|---|---|
r-devel-linux-x86_64-debian-clang | 1.4.4.1 | 3.04 | 36.06 | 39.10 | OK | |
r-devel-linux-x86_64-debian-gcc | 1.4.4.1 | 2.30 | 27.61 | 29.91 | OK | |
r-devel-linux-x86_64-fedora-clang | 1.4.4.1 | 49.73 | OK | |||
r-devel-linux-x86_64-fedora-gcc | 1.4.4.1 | 66.01 | OK | |||
r-devel-windows-x86_64 | 1.4.4.1 | 3.00 | 109854.00 | 109857.00 | ERROR | |
r-patched-linux-x86_64 | 1.4.4.1 | 2.19 | 34.91 | 37.10 | OK | |
r-release-linux-x86_64 | 1.4.4.1 | 2.50 | 34.98 | 37.48 | OK | |
r-release-macos-arm64 | 1.4.4.1 | 25.00 | OK | |||
r-release-windows-x86_64 | 1.4.4.1 | 3.00 | 69.00 | 72.00 | OK | |
r-oldrel-macos-arm64 | 1.4.4.1 | 26.00 | OK | |||
r-oldrel-macos-x86_64 | 1.4.4.1 | 38.00 | OK | |||
r-oldrel-windows-x86_64 | 1.4.4.1 | 4.00 | 62.00 | 66.00 | OK |
Version: 1.4.4.1
Check: re-building of vignette outputs
Result: ERROR
Error(s) in re-building vignettes:
--- re-building 'NetIndices.rnw' using Sweave
Warning in system(paste(shQuote(texi2dvi), if (quiet) "--quiet" else "", :
running command '"C:\PROGRA~1\MiKTeX\miktex\bin\x64\texify.exe" --quiet --pdf "NetIndices.tex" --max-iterations=20 -I "D:/RCompile/recent/R/share/texmf/tex/latex" -I "D:/RCompile/recent/R/share/texmf/bibtex/bst"' had status 1
Error: processing vignette 'NetIndices.rnw' failed with diagnostics:
Failed to locate 'texi2pdf' output file 'NetIndices.pdf' for vignette with name 'NetIndices' and engine 'utils::Sweave'. The following files exist in working directory 'D:\RCompile\CRANpkg\local\4.5\NetIndices.Rcheck\vign_test\NetIndices\vignettes': 'NetIndices.bib' (9171 bytes), 'NetIndices.rnw' (16991 bytes), 'NetIndices.tex' (17012 bytes)
--- failed re-building 'NetIndices.rnw'
SUMMARY: processing the following file failed:
'NetIndices.rnw'
Error: Vignette re-building failed.
Execution halted
Flavor: r-devel-windows-x86_64