Last updated on 2024-05-07 18:49:53 CEST.
Flavor | Version | Tinstall | Tcheck | Ttotal | Status | Flags |
---|---|---|---|---|---|---|
r-devel-linux-x86_64-debian-clang | 1.9.6 | 537.96 | 119.87 | 657.83 | OK | |
r-devel-linux-x86_64-debian-gcc | 1.9.6 | 387.24 | 93.05 | 480.29 | OK | |
r-devel-linux-x86_64-fedora-clang | 1.9.6 | 1210.12 | NOTE | |||
r-devel-linux-x86_64-fedora-gcc | 1.9.6 | 999.31 | WARN | |||
r-devel-windows-x86_64 | 1.9.6 | 407.00 | 120.00 | 527.00 | NOTE | |
r-patched-linux-x86_64 | 1.9.6 | 481.24 | 119.78 | 601.02 | OK | |
r-release-linux-x86_64 | 1.9.6 | 499.16 | 116.30 | 615.46 | OK | |
r-release-macos-arm64 | 1.9.6 | 156.00 | NOTE | |||
r-release-macos-x86_64 | 1.9.6 | 197.00 | NOTE | |||
r-release-windows-x86_64 | 1.9.6 | 398.00 | 126.00 | 524.00 | NOTE | |
r-oldrel-macos-arm64 | 1.9.6 | 177.00 | NOTE | |||
r-oldrel-macos-x86_64 | 1.9.6 | 230.00 | NOTE | |||
r-oldrel-windows-x86_64 | 1.9.6 | 400.00 | 136.00 | 536.00 | NOTE |
Version: 1.9.6
Check: installed package size
Result: NOTE
installed size is 6.5Mb
sub-directories of 1Mb or more:
doc 5.3Mb
Flavors: r-devel-linux-x86_64-fedora-clang, r-devel-windows-x86_64, r-release-macos-arm64, r-release-macos-x86_64, r-release-windows-x86_64, r-oldrel-macos-arm64, r-oldrel-macos-x86_64, r-oldrel-windows-x86_64
Version: 1.9.6
Check: whether package can be installed
Result: WARN
Found the following significant warnings:
/usr/local/gcc14/include/c++/14.1.0/bits/functional_hash.h:111:44: warning: pointer 'fid' used after 'int fclose(FILE*)' [-Wuse-after-free]
See ‘/data/gannet/ripley/R/packages/tests-devel/Numero.Rcheck/00install.out’ for details.
* used C compiler: ‘gcc-14 (GCC) 14.1.0’
* used C++ compiler: ‘g++-14 (GCC) 14.1.0’
Flavor: r-devel-linux-x86_64-fedora-gcc