Last updated on 2024-05-07 18:49:54 CEST.
Flavor | Version | Tinstall | Tcheck | Ttotal | Status | Flags |
---|---|---|---|---|---|---|
r-devel-linux-x86_64-debian-clang | 0.1.2 | 26.82 | 474.78 | 501.60 | NOTE | |
r-devel-linux-x86_64-debian-gcc | 0.1.2 | 19.49 | 341.43 | 360.92 | NOTE | |
r-devel-linux-x86_64-fedora-clang | 0.1.2 | 635.01 | NOTE | |||
r-devel-linux-x86_64-fedora-gcc | 0.1.2 | 640.09 | NOTE | |||
r-devel-windows-x86_64 | 0.1.2 | 21.00 | 316.00 | 337.00 | NOTE | |
r-patched-linux-x86_64 | 0.1.2 | 25.47 | 444.21 | 469.68 | NOTE | |
r-release-linux-x86_64 | 0.1.2 | 17.10 | 433.49 | 450.59 | NOTE | |
r-release-macos-arm64 | 0.1.2 | 155.00 | NOTE | |||
r-release-windows-x86_64 | 0.1.2 | 22.00 | 310.00 | 332.00 | NOTE | |
r-oldrel-macos-arm64 | 0.1.2 | 167.00 | OK | |||
r-oldrel-macos-x86_64 | 0.1.2 | 286.00 | OK | |||
r-oldrel-windows-x86_64 | 0.1.2 | 28.00 | 427.00 | 455.00 | OK |
Version: 0.1.2
Check: Rd files
Result: NOTE
checkRd: (-1) imput_cov.Rd:79: Lost braces
79 | \item van Buuren, S., Groothuis-Oudshoorn, K. (2011). mice: Multivariate Imputation by Chained Equations in R. Journal of Statistical Software, 45(3), 1–67. url{https://www.jstatsoft.org/v45/i03/}
| ^
checkRd: (-1) indiv_grp_closest.Rd:47: Lost braces; missing escapes or markup?
47 | The function \code{indiv_grp_closest} is an intermediate function used in the implementation of an algorithm called {OUTCOME} (and its enrichment {R-OUTCOME}, see the reference (2) for more details) dedicated to the solving of recoding problems in data fusion using Optimal Transportation theory.
| ^
checkRd: (-1) indiv_grp_closest.Rd:47: Lost braces; missing escapes or markup?
47 | The function \code{indiv_grp_closest} is an intermediate function used in the implementation of an algorithm called {OUTCOME} (and its enrichment {R-OUTCOME}, see the reference (2) for more details) dedicated to the solving of recoding problems in data fusion using Optimal Transportation theory.
| ^
checkRd: (-1) merge_dbs.Rd:179: Lost braces
179 | \item van Buuren, S., Groothuis-Oudshoorn, K. (2011). mice: Multivariate Imputation by Chained Equations in R. Journal of Statistical Software, 45(3), 1–67. url{https://www.jstatsoft.org/v45/i03/}
| ^
Flavors: r-devel-linux-x86_64-debian-clang, r-devel-linux-x86_64-debian-gcc, r-devel-linux-x86_64-fedora-clang, r-devel-linux-x86_64-fedora-gcc, r-devel-windows-x86_64, r-patched-linux-x86_64, r-release-linux-x86_64, r-release-macos-arm64, r-release-windows-x86_64
Version: 0.1.2
Check: Rd cross-references
Result: NOTE
Undeclared package ‘survey’ in Rd xrefs
Flavor: r-devel-linux-x86_64-fedora-clang