Last updated on 2024-04-18 06:57:50 CEST.
Flavor | Version | Tinstall | Tcheck | Ttotal | Status | Flags |
---|---|---|---|---|---|---|
r-devel-linux-x86_64-debian-clang | 2.73.4 | 25.96 | 102.08 | 128.04 | OK | |
r-devel-linux-x86_64-debian-gcc | 2.73.4 | 21.13 | 75.47 | 96.60 | OK | |
r-devel-linux-x86_64-fedora-clang | 2.73.4 | 160.82 | NOTE | |||
r-devel-linux-x86_64-fedora-gcc | 2.73.4 | 171.90 | OK | |||
r-prerel-macos-arm64 | 2.73.4 | 47.00 | NOTE | |||
r-prerel-windows-x86_64 | 2.73.4 | 27.00 | 123.00 | 150.00 | NOTE | |
r-patched-linux-x86_64 | 2.73.4 | 31.20 | 95.24 | 126.44 | OK | |
r-release-linux-x86_64 | 2.73.4 | 25.61 | 97.34 | 122.95 | OK | |
r-release-macos-arm64 | 2.73.4 | 54.00 | NOTE | |||
r-release-macos-x86_64 | 2.73.4 | 182.00 | NOTE | |||
r-release-windows-x86_64 | 2.73.4 | 33.00 | 148.00 | 181.00 | NOTE | |
r-oldrel-macos-arm64 | 2.73.4 | 51.00 | NOTE | |||
r-oldrel-windows-x86_64 | 2.73.4 | 30.00 | 142.00 | 172.00 | NOTE |
Version: 2.73.4
Check: installed package size
Result: NOTE
installed size is 5.6Mb
sub-directories of 1Mb or more:
data 2.7Mb
doc 1.1Mb
Flavors: r-devel-linux-x86_64-fedora-clang, r-prerel-macos-arm64, r-prerel-windows-x86_64, r-release-macos-arm64, r-release-macos-x86_64, r-release-windows-x86_64, r-oldrel-macos-arm64, r-oldrel-windows-x86_64