Last updated on 2024-04-19 19:50:22 CEST.
Flavor | Version | Tinstall | Tcheck | Ttotal | Status | Flags |
---|---|---|---|---|---|---|
r-devel-linux-x86_64-debian-clang | 0.2.3.9 | 11.70 | 125.24 | 136.94 | NOTE | |
r-devel-linux-x86_64-debian-gcc | 0.2.3.9 | NOTE | ||||
r-devel-linux-x86_64-fedora-clang | 0.2.3.9 | 187.12 | NOTE | |||
r-devel-linux-x86_64-fedora-gcc | 0.2.3.9 | 190.46 | NOTE | |||
r-prerel-macos-arm64 | 0.2.3.9 | 53.00 | NOTE | |||
r-prerel-windows-x86_64 | 0.2.3.9 | 14.00 | 133.00 | 147.00 | NOTE | |
r-patched-linux-x86_64 | 0.2.3.9 | 9.34 | 140.19 | 149.53 | NOTE | |
r-release-linux-x86_64 | 0.2.3.9 | 12.25 | 136.19 | 148.44 | OK | |
r-release-macos-arm64 | 0.2.3.9 | 60.00 | OK | |||
r-release-macos-x86_64 | 0.2.3.9 | 129.00 | OK | |||
r-release-windows-x86_64 | 0.2.3.9 | 16.00 | 146.00 | 162.00 | OK | |
r-oldrel-macos-arm64 | 0.2.3.9 | 51.00 | OK | |||
r-oldrel-windows-x86_64 | 0.2.3.9 | 17.00 | 149.00 | 166.00 | OK |
Version: 0.2.3.9
Check: Rd files
Result: NOTE
checkRd: (-1) GN1000.Rd:8: Lost braces in \itemize; meant \describe ?
checkRd: (-1) GN1000.Rd:8: Lost braces
8 | columns(fields): \itemize{ \item{CommonName}{ : }{Common name}
| ^
checkRd: (-1) GN1000.Rd:9: Lost braces in \itemize; meant \describe ?
checkRd: (-1) GN1000.Rd:9: Lost braces
9 | \item{BotanicalName}{ : }{Botanical name} \item{NationalID}{ : }{NBPGR
| ^
checkRd: (-1) GN1000.Rd:9-10: Lost braces
9 | \item{BotanicalName}{ : }{Botanical name} \item{NationalID}{ : }{NBPGR
| ^
checkRd: (-1) GN1000.Rd:10: Lost braces in \itemize; meant \describe ?
checkRd: (-1) GN1000.Rd:10: Lost braces
10 | National identifier} \item{CollNo}{ : }{Collector number} \item{DonorID}{ :
| ^
checkRd: (-1) GN1000.Rd:10-11: Lost braces in \itemize; meant \describe ?
checkRd: (-1) GN1000.Rd:11: Lost braces
11 | }{Donor ID} \item{OtherID1}{ : }{Other ID field 1} \item{OtherID2}{ :
| ^
checkRd: (-1) GN1000.Rd:11: Lost braces in \itemize; meant \describe ?
checkRd: (-1) GN1000.Rd:11: Lost braces
11 | }{Donor ID} \item{OtherID1}{ : }{Other ID field 1} \item{OtherID2}{ :
| ^
checkRd: (-1) GN1000.Rd:11-12: Lost braces in \itemize; meant \describe ?
checkRd: (-1) GN1000.Rd:12: Lost braces
12 | }{Other ID field 2} \item{BioStatus}{ : }{Biological status}
| ^
checkRd: (-1) GN1000.Rd:12: Lost braces in \itemize; meant \describe ?
checkRd: (-1) GN1000.Rd:12: Lost braces
12 | }{Other ID field 2} \item{BioStatus}{ : }{Biological status}
| ^
checkRd: (-1) GN1000.Rd:13: Lost braces in \itemize; meant \describe ?
checkRd: (-1) GN1000.Rd:13: Lost braces
13 | \item{SourceCountry}{ : }{Country of origin} \item{TransferYear}{ : }{Year
| ^
checkRd: (-1) GN1000.Rd:13-14: Lost braces
13 | \item{SourceCountry}{ : }{Country of origin} \item{TransferYear}{ : }{Year
| ^
checkRd: (-1) ReviewProbDup.Rd:35: Lost braces
35 | \item{insert.blanks}{logical. If \code{TRUE}, inserts a row of /code{NAs}
| ^
Flavors: r-devel-linux-x86_64-debian-clang, r-devel-linux-x86_64-debian-gcc, r-devel-linux-x86_64-fedora-clang, r-devel-linux-x86_64-fedora-gcc, r-prerel-macos-arm64, r-prerel-windows-x86_64, r-patched-linux-x86_64