Last updated on 2024-05-07 06:56:01 CEST.
Flavor | Version | Tinstall | Tcheck | Ttotal | Status | Flags |
---|---|---|---|---|---|---|
r-devel-linux-x86_64-debian-clang | 0.1.1 | 0.84 | 2.30 | 3.14 | ERROR | |
r-devel-linux-x86_64-debian-gcc | 0.1.1 | 36.22 | 290.24 | 326.46 | OK | |
r-devel-linux-x86_64-fedora-clang | 0.1.1 | 588.67 | NOTE | |||
r-devel-linux-x86_64-fedora-gcc | 0.1.1 | 665.35 | NOTE | |||
r-devel-windows-x86_64 | 0.1.1 | 40.00 | 294.00 | 334.00 | OK | |
r-patched-linux-x86_64 | 0.1.1 | 40.28 | 369.69 | 409.97 | OK | |
r-release-linux-x86_64 | 0.1.1 | 35.05 | 365.65 | 400.70 | OK | |
r-release-macos-arm64 | 0.1.1 | 147.00 | OK | |||
r-release-macos-x86_64 | 0.1.1 | 283.00 | OK | |||
r-release-windows-x86_64 | 0.1.1 | 41.00 | 291.00 | 332.00 | OK | |
r-oldrel-macos-arm64 | 0.1.1 | 138.00 | OK | |||
r-oldrel-macos-x86_64 | 0.1.1 | 272.00 | OK | |||
r-oldrel-windows-x86_64 | 0.1.1 | 53.00 | 382.00 | 435.00 | OK |
Version: 0.1.1
Check: package dependencies
Result: ERROR
Packages required but not available: 'clusterProfiler', 'org.Hs.eg.db'
See section ‘The DESCRIPTION file’ in the ‘Writing R Extensions’
manual.
Flavor: r-devel-linux-x86_64-debian-clang
Version: 0.1.1
Check: dependencies in R code
Result: NOTE
Namespaces in Imports field not imported from:
‘base’ ‘grDevices’
All declared Imports should be used.
Flavors: r-devel-linux-x86_64-fedora-clang, r-devel-linux-x86_64-fedora-gcc