Last updated on 2024-05-07 18:49:55 CEST.
Flavor | Version | Tinstall | Tcheck | Ttotal | Status | Flags |
---|---|---|---|---|---|---|
r-devel-linux-x86_64-debian-clang | 1.1.0 | 12.46 | 161.75 | 174.21 | NOTE | |
r-devel-linux-x86_64-debian-gcc | 1.1.0 | 6.61 | 119.68 | 126.29 | NOTE | |
r-devel-linux-x86_64-fedora-clang | 1.1.0 | 219.32 | NOTE | |||
r-devel-linux-x86_64-fedora-gcc | 1.1.0 | 263.24 | NOTE | |||
r-devel-windows-x86_64 | 1.1.0 | 10.00 | 125.00 | 135.00 | NOTE | |
r-patched-linux-x86_64 | 1.1.0 | 8.50 | 160.71 | 169.21 | NOTE | |
r-release-linux-x86_64 | 1.1.0 | 7.16 | 159.87 | 167.03 | NOTE | |
r-release-macos-arm64 | 1.1.0 | 66.00 | NOTE | |||
r-release-windows-x86_64 | 1.1.0 | 9.00 | 127.00 | 136.00 | NOTE | |
r-oldrel-macos-arm64 | 1.1.0 | 68.00 | NOTE | |||
r-oldrel-macos-x86_64 | 1.1.0 | 87.00 | NOTE | |||
r-oldrel-windows-x86_64 | 1.1.0 | 12.00 | 154.00 | 166.00 | NOTE |
Version: 1.1.0
Check: LazyData
Result: NOTE
'LazyData' is specified without a 'data' directory
Flavors: r-devel-linux-x86_64-debian-clang, r-devel-linux-x86_64-debian-gcc, r-devel-linux-x86_64-fedora-clang, r-devel-linux-x86_64-fedora-gcc, r-devel-windows-x86_64, r-patched-linux-x86_64, r-release-linux-x86_64, r-release-macos-arm64, r-release-windows-x86_64, r-oldrel-macos-arm64, r-oldrel-macos-x86_64, r-oldrel-windows-x86_64
Version: 1.1.0
Check: installed package size
Result: NOTE
installed size is 12.1Mb
sub-directories of 1Mb or more:
doc 12.0Mb
Flavors: r-devel-linux-x86_64-fedora-clang, r-devel-windows-x86_64, r-release-macos-arm64, r-release-windows-x86_64, r-oldrel-macos-arm64, r-oldrel-macos-x86_64, r-oldrel-windows-x86_64