Last updated on 2024-05-07 18:49:55 CEST.
Flavor | Version | Tinstall | Tcheck | Ttotal | Status | Flags |
---|---|---|---|---|---|---|
r-devel-linux-x86_64-debian-clang | 2.0.5 | 53.76 | 202.50 | 256.26 | NOTE | |
r-devel-linux-x86_64-debian-gcc | 2.0.5 | 39.88 | 148.62 | 188.50 | NOTE | |
r-devel-linux-x86_64-fedora-clang | 2.0.5 | 330.82 | NOTE | |||
r-devel-linux-x86_64-fedora-gcc | 2.0.5 | 403.86 | NOTE | |||
r-devel-windows-x86_64 | 2.0.5 | 49.00 | 164.00 | 213.00 | NOTE | |
r-patched-linux-x86_64 | 2.0.5 | 57.15 | 193.36 | 250.51 | NOTE | |
r-release-linux-x86_64 | 2.0.5 | 39.60 | 188.49 | 228.09 | NOTE | |
r-release-macos-arm64 | 2.0.5 | 80.00 | NOTE | |||
r-release-windows-x86_64 | 2.0.5 | 50.00 | 180.00 | 230.00 | NOTE | |
r-oldrel-macos-arm64 | 2.0.5 | 93.00 | NOTE | |||
r-oldrel-macos-x86_64 | 2.0.5 | 156.00 | NOTE | |||
r-oldrel-windows-x86_64 | 2.0.5 | 58.00 | 207.00 | 265.00 | NOTE |
Version: 2.0.5
Check: C++ specification
Result: NOTE
Specified C++11: please drop specification unless essential
Flavors: r-devel-linux-x86_64-debian-clang, r-devel-linux-x86_64-debian-gcc, r-devel-linux-x86_64-fedora-clang, r-devel-linux-x86_64-fedora-gcc, r-devel-windows-x86_64, r-patched-linux-x86_64, r-release-linux-x86_64, r-release-macos-arm64, r-release-windows-x86_64, r-oldrel-macos-arm64, r-oldrel-macos-x86_64, r-oldrel-windows-x86_64