Last updated on 2024-03-28 17:49:38 CET.
Flavor | Version | Tinstall | Tcheck | Ttotal | Status | Flags |
---|---|---|---|---|---|---|
r-devel-linux-x86_64-debian-clang | 3.2-6 | 125.80 | 36.95 | 162.75 | OK | |
r-devel-linux-x86_64-debian-gcc | 3.2-6 | 127.88 | 29.05 | 156.93 | OK | |
r-devel-linux-x86_64-fedora-clang | 3.2-6 | 242.55 | NOTE | |||
r-devel-linux-x86_64-fedora-gcc | 3.2-6 | 297.38 | NOTE | |||
r-devel-windows-x86_64 | 3.2-6 | 120.00 | 74.00 | 194.00 | OK | |
r-patched-linux-x86_64 | 3.2-6 | 154.30 | 37.41 | 191.71 | OK | |
r-release-linux-x86_64 | 3.2-6 | 144.26 | 37.11 | 181.37 | OK | |
r-release-macos-arm64 | 3.2-6 | 58.00 | NOTE | |||
r-release-macos-x86_64 | 3.2-6 | 64.00 | NOTE | |||
r-release-windows-x86_64 | 3.2-6 | 109.00 | 83.00 | 192.00 | OK | |
r-oldrel-macos-arm64 | 3.2-6 | 57.00 | NOTE | |||
r-oldrel-windows-x86_64 | 3.2-6 | 130.00 | 80.00 | 210.00 | OK |
Version: 3.2-6
Check: dependencies in R code
Result: NOTE
Namespace in Imports field not imported from: ‘Matrix’
All declared Imports should be used.
Flavors: r-devel-linux-x86_64-fedora-clang, r-devel-linux-x86_64-fedora-gcc
Version: 3.2-6
Check: installed package size
Result: NOTE
installed size is 7.0Mb
sub-directories of 1Mb or more:
libs 6.8Mb
Flavors: r-release-macos-arm64, r-release-macos-x86_64, r-oldrel-macos-arm64