Last updated on 2024-05-07 18:49:56 CEST.
Flavor | Version | Tinstall | Tcheck | Ttotal | Status | Flags |
---|---|---|---|---|---|---|
r-devel-linux-x86_64-debian-clang | 0.3.3 | 4.80 | 40.99 | 45.79 | NOTE | |
r-devel-linux-x86_64-debian-gcc | 0.3.3 | 3.58 | 30.05 | 33.63 | NOTE | |
r-devel-linux-x86_64-fedora-clang | 0.3.3 | 59.22 | NOTE | |||
r-devel-linux-x86_64-fedora-gcc | 0.3.3 | 100.85 | NOTE | |||
r-devel-windows-x86_64 | 0.3.3 | 5.00 | 53.00 | 58.00 | NOTE | |
r-patched-linux-x86_64 | 0.3.3 | 4.22 | 38.68 | 42.90 | NOTE | |
r-release-linux-x86_64 | 0.3.3 | 5.62 | 38.50 | 44.12 | NOTE | |
r-release-macos-arm64 | 0.3.3 | 21.00 | NOTE | |||
r-release-windows-x86_64 | 0.3.3 | 5.00 | 54.00 | 59.00 | NOTE | |
r-oldrel-macos-arm64 | 0.3.3 | 21.00 | OK | |||
r-oldrel-macos-x86_64 | 0.3.3 | 29.00 | OK | |||
r-oldrel-windows-x86_64 | 0.3.3 | 5.00 | 58.00 | 63.00 | OK |
Version: 0.3.3
Check: Rd files
Result: NOTE
checkRd: (-1) struc_addSimData.Rd:15: Lost braces
15 | \item{value}{code{data.frame} or code{data.table}}
| ^
checkRd: (-1) struc_addSimData.Rd:15: Lost braces
15 | \item{value}{code{data.frame} or code{data.table}}
| ^
Flavors: r-devel-linux-x86_64-debian-clang, r-devel-linux-x86_64-debian-gcc, r-devel-linux-x86_64-fedora-clang, r-devel-linux-x86_64-fedora-gcc, r-devel-windows-x86_64, r-patched-linux-x86_64, r-release-linux-x86_64, r-release-macos-arm64, r-release-windows-x86_64