Last updated on 2024-03-28 17:49:38 CET.
Flavor | Version | Tinstall | Tcheck | Ttotal | Status | Flags |
---|---|---|---|---|---|---|
r-devel-linux-x86_64-debian-clang | 3.2.13 | 100.54 | 113.35 | 213.89 | OK | |
r-devel-linux-x86_64-debian-gcc | 3.2.13 | 85.16 | 85.33 | 170.49 | OK | |
r-devel-linux-x86_64-fedora-clang | 3.2.13 | 267.56 | OK | |||
r-devel-linux-x86_64-fedora-gcc | 3.2.13 | 292.94 | OK | |||
r-devel-windows-x86_64 | 3.2.13 | 76.00 | 117.00 | 193.00 | OK | |
r-patched-linux-x86_64 | 3.2.13 | 97.77 | 111.58 | 209.35 | OK | |
r-release-linux-x86_64 | 3.2.13 | 99.72 | 112.18 | 211.90 | OK | |
r-release-macos-arm64 | 3.2.13 | 69.00 | NOTE | |||
r-release-macos-x86_64 | 3.2.13 | 185.00 | NOTE | |||
r-release-windows-x86_64 | 3.2.13 | 94.00 | 146.00 | 240.00 | OK | |
r-oldrel-macos-arm64 | 3.2.13 | 75.00 | NOTE | |||
r-oldrel-windows-x86_64 | 3.2.13 | 89.00 | 142.00 | 231.00 | OK |
Version: 3.2.13
Check: installed package size
Result: NOTE
installed size is 15.4Mb
sub-directories of 1Mb or more:
libs 15.1Mb
Flavors: r-release-macos-arm64, r-release-macos-x86_64, r-oldrel-macos-arm64