Last updated on 2024-04-23 06:57:09 CEST.
Flavor | Version | Tinstall | Tcheck | Ttotal | Status | Flags |
---|---|---|---|---|---|---|
r-devel-linux-x86_64-debian-clang | 1.1.1 | 18.46 | 264.92 | 283.38 | OK | |
r-devel-linux-x86_64-debian-gcc | 1.1.1 | 18.70 | 187.33 | 206.03 | OK | |
r-devel-linux-x86_64-fedora-clang | 1.1.1 | 377.55 | NOTE | |||
r-devel-linux-x86_64-fedora-gcc | 1.1.1 | 386.28 | OK | |||
r-prerel-macos-arm64 | 1.1.1 | 101.00 | NOTE | |||
r-prerel-macos-x86_64 | 1.1.1 | 223.00 | NOTE | |||
r-prerel-windows-x86_64 | 1.1.1 | 18.00 | 211.00 | 229.00 | NOTE | |
r-patched-linux-x86_64 | 1.1.1 | 15.64 | 247.07 | 262.71 | OK | |
r-release-linux-x86_64 | 1.1.1 | 14.04 | 243.94 | 257.98 | OK | |
r-release-macos-arm64 | 1.1.1 | 112.00 | NOTE | |||
r-release-macos-x86_64 | 1.1.1 | 234.00 | NOTE | |||
r-release-windows-x86_64 | 1.1.1 | 25.00 | 256.00 | 281.00 | NOTE | |
r-oldrel-macos-arm64 | 1.1.1 | 101.00 | NOTE | |||
r-oldrel-windows-x86_64 | 1.1.1 | 26.00 | 252.00 | 278.00 | NOTE |
Version: 1.1.1
Check: installed package size
Result: NOTE
installed size is 7.9Mb
sub-directories of 1Mb or more:
doc 4.0Mb
examples 2.6Mb
Flavors: r-devel-linux-x86_64-fedora-clang, r-prerel-macos-arm64, r-prerel-macos-x86_64, r-prerel-windows-x86_64, r-release-macos-arm64, r-release-macos-x86_64, r-release-windows-x86_64, r-oldrel-macos-arm64, r-oldrel-windows-x86_64