Last updated on 2024-03-28 17:49:37 CET.
Flavor | Version | Tinstall | Tcheck | Ttotal | Status | Flags |
---|---|---|---|---|---|---|
r-devel-linux-x86_64-debian-clang | 1.7.2 | 56.57 | 515.96 | 572.53 | OK | |
r-devel-linux-x86_64-debian-gcc | 1.7.2 | 52.57 | 388.39 | 440.96 | OK | |
r-devel-linux-x86_64-fedora-clang | 1.7.2 | 790.57 | OK | |||
r-devel-linux-x86_64-fedora-gcc | 1.7.2 | 737.47 | OK | |||
r-devel-windows-x86_64 | 1.7.2 | 53.00 | 337.00 | 390.00 | OK | |
r-patched-linux-x86_64 | 1.7.2 | 58.57 | 498.12 | 556.69 | OK | |
r-release-linux-x86_64 | 1.7.2 | 61.96 | 520.74 | 582.70 | OK | |
r-release-macos-arm64 | 1.7.2 | 5.00 | ERROR | |||
r-release-macos-x86_64 | 1.7.2 | 377.00 | OK | |||
r-release-windows-x86_64 | 1.7.2 | 73.00 | 464.00 | 537.00 | OK | |
r-oldrel-macos-arm64 | 1.7.2 | 181.00 | OK | |||
r-oldrel-windows-x86_64 | 1.7.2 | 68.00 | 430.00 | 498.00 | OK |
Version: 1.7.2
Check: package dependencies
Result: ERROR
Package required but not available: ‘VariantAnnotation’
See section ‘The DESCRIPTION file’ in the ‘Writing R Extensions’
manual.
Flavor: r-release-macos-arm64