Last updated on 2024-05-07 06:56:01 CEST.
Flavor | Version | Tinstall | Tcheck | Ttotal | Status | Flags |
---|---|---|---|---|---|---|
r-devel-linux-x86_64-debian-clang | 1.1.11 | 0.72 | 2.22 | 2.94 | ERROR | |
r-devel-linux-x86_64-debian-gcc | 1.1.11 | 46.95 | 392.87 | 439.82 | OK | |
r-devel-linux-x86_64-fedora-clang | 1.1.11 | 777.76 | NOTE | |||
r-devel-linux-x86_64-fedora-gcc | 1.1.11 | 812.36 | NOTE | |||
r-devel-windows-x86_64 | 1.1.11 | 57.00 | 347.00 | 404.00 | OK | |
r-patched-linux-x86_64 | 1.1.11 | 39.89 | 492.66 | 532.55 | OK | |
r-release-linux-x86_64 | 1.1.11 | 43.10 | 494.09 | 537.19 | OK | |
r-release-macos-arm64 | 1.1.11 | 185.00 | OK | |||
r-release-macos-x86_64 | 1.1.11 | 385.00 | OK | |||
r-release-windows-x86_64 | 1.1.11 | 56.00 | 344.00 | 400.00 | OK | |
r-oldrel-macos-arm64 | 1.1.11 | 6.00 | ERROR | |||
r-oldrel-macos-x86_64 | 1.1.11 | 379.00 | OK | |||
r-oldrel-windows-x86_64 | 1.1.11 | 73.00 | 455.00 | 528.00 | OK |
Version: 1.1.11
Check: package dependencies
Result: ERROR
Packages required but not available:
'GenomicRanges', 'VariantAnnotation', 'Rsamtools', 'rtracklayer',
'SummarizedExperiment'
See section ‘The DESCRIPTION file’ in the ‘Writing R Extensions’
manual.
Flavor: r-devel-linux-x86_64-debian-clang
Version: 1.1.11
Check: dependencies in R code
Result: NOTE
Namespace in Imports field not imported from: ‘robustbase’
All declared Imports should be used.
Flavors: r-devel-linux-x86_64-fedora-clang, r-devel-linux-x86_64-fedora-gcc
Version: 1.1.11
Check: package dependencies
Result: ERROR
Package required but not available: ‘VariantAnnotation’
See section ‘The DESCRIPTION file’ in the ‘Writing R Extensions’
manual.
Flavor: r-oldrel-macos-arm64