Last updated on 2024-04-23 06:57:09 CEST.
Flavor | Version | Tinstall | Tcheck | Ttotal | Status | Flags |
---|---|---|---|---|---|---|
r-devel-linux-x86_64-debian-clang | 1.5.4 | 52.94 | 443.81 | 496.75 | NOTE | |
r-devel-linux-x86_64-debian-gcc | 1.5.4 | 48.47 | 296.96 | 345.43 | NOTE | |
r-devel-linux-x86_64-fedora-clang | 1.5.4 | 590.21 | OK | |||
r-devel-linux-x86_64-fedora-gcc | 1.5.4 | 562.93 | OK | |||
r-prerel-macos-arm64 | 1.5.4 | 122.00 | NOTE | |||
r-prerel-windows-x86_64 | 1.5.4 | 42.00 | 232.00 | 274.00 | OK | |
r-patched-linux-x86_64 | 1.5.4 | 62.05 | 403.30 | 465.35 | NOTE | |
r-release-linux-x86_64 | 1.5.4 | 51.77 | 413.27 | 465.04 | NOTE | |
r-release-macos-arm64 | 1.5.4 | 120.00 | NOTE | |||
r-release-macos-x86_64 | 1.5.4 | 234.00 | NOTE | |||
r-release-windows-x86_64 | 1.5.4 | 60.00 | 332.00 | 392.00 | NOTE | |
r-oldrel-macos-arm64 | 1.5.4 | 100.00 | NOTE | |||
r-oldrel-windows-x86_64 | 1.5.4 | 59.00 | 325.00 | 384.00 | NOTE |
Version: 1.5.4
Check: package dependencies
Result: NOTE
Package suggested but not available for checking: ‘INLA’
Flavors: r-devel-linux-x86_64-debian-clang, r-devel-linux-x86_64-debian-gcc, r-prerel-macos-arm64, r-patched-linux-x86_64, r-release-linux-x86_64, r-release-macos-arm64, r-release-macos-x86_64, r-release-windows-x86_64, r-oldrel-macos-arm64, r-oldrel-windows-x86_64