Last updated on 2024-03-28 17:49:38 CET.
Flavor | Version | Tinstall | Tcheck | Ttotal | Status | Flags |
---|---|---|---|---|---|---|
r-devel-linux-x86_64-debian-clang | 0.7.4 | 4.59 | 62.28 | 66.87 | NOTE | |
r-devel-linux-x86_64-debian-gcc | 0.7.4 | 3.50 | 46.61 | 50.11 | NOTE | |
r-devel-linux-x86_64-fedora-clang | 0.7.4 | 80.74 | NOTE | |||
r-devel-linux-x86_64-fedora-gcc | 0.7.4 | 90.36 | NOTE | |||
r-devel-windows-x86_64 | 0.7.4 | 4.00 | 97.00 | 101.00 | NOTE | |
r-patched-linux-x86_64 | 0.7.4 | 5.05 | 58.62 | 63.67 | NOTE | |
r-release-linux-x86_64 | 0.7.4 | 4.87 | 57.40 | 62.27 | OK | |
r-release-macos-arm64 | 0.7.4 | 42.00 | OK | |||
r-release-macos-x86_64 | 0.7.4 | 76.00 | OK | |||
r-release-windows-x86_64 | 0.7.4 | 5.00 | 100.00 | 105.00 | OK | |
r-oldrel-macos-arm64 | 0.7.4 | 32.00 | OK | |||
r-oldrel-windows-x86_64 | 0.7.4 | 5.00 | 103.00 | 108.00 | OK |
Version: 0.7.4
Check: Rd files
Result: NOTE
checkRd: (-1) QGlink.funcs.Rd:29: Lost braces in \itemize; \value handles \item{}{} directly
checkRd: (-1) QGlink.funcs.Rd:30: Lost braces in \itemize; \value handles \item{}{} directly
checkRd: (-1) QGlink.funcs.Rd:31: Lost braces in \itemize; \value handles \item{}{} directly
checkRd: (-1) QGmvpred.Rd:39: Lost braces in \itemize; \value handles \item{}{} directly
checkRd: (-1) QGmvpred.Rd:40: Lost braces in \itemize; \value handles \item{}{} directly
checkRd: (-1) QGmvpred.Rd:41: Lost braces in \itemize; \value handles \item{}{} directly
checkRd: (-1) QGmvpred.Rd:42: Lost braces in \itemize; \value handles \item{}{} directly
checkRd: (-1) QGpred.Rd:36: Lost braces in \itemize; \value handles \item{}{} directly
checkRd: (-1) QGpred.Rd:37: Lost braces in \itemize; \value handles \item{}{} directly
checkRd: (-1) QGpred.Rd:38: Lost braces in \itemize; \value handles \item{}{} directly
checkRd: (-1) QGpred.Rd:39: Lost braces in \itemize; \value handles \item{}{} directly
Flavors: r-devel-linux-x86_64-debian-clang, r-devel-linux-x86_64-debian-gcc, r-devel-linux-x86_64-fedora-clang, r-devel-linux-x86_64-fedora-gcc, r-devel-windows-x86_64, r-patched-linux-x86_64