Last updated on 2024-05-07 18:49:56 CEST.
Flavor | Version | Tinstall | Tcheck | Ttotal | Status | Flags |
---|---|---|---|---|---|---|
r-devel-linux-x86_64-debian-clang | 1.1.18 | 72.62 | 44.78 | 117.40 | OK | |
r-devel-linux-x86_64-debian-gcc | 1.1.18 | 54.27 | 35.31 | 89.58 | OK | |
r-devel-linux-x86_64-fedora-clang | 1.1.18 | 152.15 | OK | |||
r-devel-linux-x86_64-fedora-gcc | 1.1.18 | 205.34 | OK | |||
r-devel-windows-x86_64 | 1.1.18 | 53.00 | 72.00 | 125.00 | OK | |
r-patched-linux-x86_64 | 1.1.18 | 61.05 | 44.30 | 105.35 | OK | |
r-release-linux-x86_64 | 1.1.18 | 63.23 | 44.12 | 107.35 | OK | |
r-release-macos-arm64 | 1.1.18 | 40.00 | NOTE | |||
r-release-macos-x86_64 | 1.1.18 | 94.00 | NOTE | |||
r-release-windows-x86_64 | 1.1.18 | 52.00 | 74.00 | 126.00 | OK | |
r-oldrel-macos-arm64 | 1.1.18 | 44.00 | NOTE | |||
r-oldrel-macos-x86_64 | 1.1.18 | 92.00 | NOTE | |||
r-oldrel-windows-x86_64 | 1.1.18 | 62.00 | 85.00 | 147.00 | OK |
Version: 1.1.18
Check: installed package size
Result: NOTE
installed size is 13.8Mb
sub-directories of 1Mb or more:
libs 13.1Mb
Flavors: r-release-macos-arm64, r-release-macos-x86_64, r-oldrel-macos-arm64, r-oldrel-macos-x86_64