Last updated on 2024-03-28 17:49:39 CET.
Flavor | Version | Tinstall | Tcheck | Ttotal | Status | Flags |
---|---|---|---|---|---|---|
r-devel-linux-x86_64-debian-clang | 3.7.0 | 6.55 | 67.16 | 73.71 | NOTE | |
r-devel-linux-x86_64-debian-gcc | 3.7.0 | 4.05 | 48.97 | 53.02 | NOTE | |
r-devel-linux-x86_64-fedora-clang | 3.7.0 | 86.14 | NOTE | |||
r-devel-linux-x86_64-fedora-gcc | 3.7.0 | 84.85 | NOTE | |||
r-devel-windows-x86_64 | 3.7.0 | 6.00 | 1695.00 | 1701.00 | NOTE | |
r-patched-linux-x86_64 | 3.7.0 | 7.30 | 64.95 | 72.25 | NOTE | |
r-release-linux-x86_64 | 3.7.0 | 4.26 | 62.41 | 66.67 | OK | |
r-release-macos-arm64 | 3.7.0 | 30.00 | OK | |||
r-release-macos-x86_64 | 3.7.0 | 51.00 | OK | |||
r-release-windows-x86_64 | 3.7.0 | 7.00 | 839.00 | 846.00 | OK | |
r-oldrel-macos-arm64 | 3.7.0 | 30.00 | OK | |||
r-oldrel-windows-x86_64 | 3.7.0 | 8.00 | 2152.00 | 2160.00 | OK |
Version: 3.7.0
Check: Rd files
Result: NOTE
checkRd: (-1) setOption.Matlab.Rd:37-39: Lost braces in \itemize; meant \describe ?
checkRd: (-1) setOption.Matlab.Rd:40-41: Lost braces in \itemize; meant \describe ?
Flavors: r-devel-linux-x86_64-debian-clang, r-devel-linux-x86_64-debian-gcc, r-devel-linux-x86_64-fedora-clang, r-devel-linux-x86_64-fedora-gcc, r-devel-windows-x86_64, r-patched-linux-x86_64