Last updated on 2024-03-28 17:49:39 CET.
Flavor | Version | Tinstall | Tcheck | Ttotal | Status | Flags |
---|---|---|---|---|---|---|
r-devel-linux-x86_64-debian-clang | 0.7.16.3 | 4.46 | 59.25 | 63.71 | NOTE | |
r-devel-linux-x86_64-debian-gcc | 0.7.16.3 | 3.64 | 45.86 | 49.50 | NOTE | |
r-devel-linux-x86_64-fedora-clang | 0.7.16.3 | 80.56 | NOTE | |||
r-devel-linux-x86_64-fedora-gcc | 0.7.16.3 | 92.62 | NOTE | |||
r-devel-windows-x86_64 | 0.7.16.3 | 6.00 | 87.00 | 93.00 | NOTE | |
r-patched-linux-x86_64 | 0.7.16.3 | 4.66 | 59.00 | 63.66 | NOTE | |
r-release-linux-x86_64 | 0.7.16.3 | 5.12 | 57.23 | 62.35 | OK | |
r-release-macos-arm64 | 0.7.16.3 | 35.00 | OK | |||
r-release-macos-x86_64 | 0.7.16.3 | 54.00 | OK | |||
r-release-windows-x86_64 | 0.7.16.3 | 7.00 | 88.00 | 95.00 | OK | |
r-oldrel-macos-arm64 | 0.7.16.3 | 30.00 | OK | |||
r-oldrel-windows-x86_64 | 0.7.16.3 | 6.00 | 91.00 | 97.00 | OK |
Version: 0.7.16.3
Check: Rd files
Result: NOTE
checkRd: (-1) do_admb.Rd:20: Lost braces in \itemize; meant \describe ?
checkRd: (-1) do_admb.Rd:21: Lost braces in \itemize; meant \describe ?
checkRd: (-1) do_admb.Rd:49: Lost braces in \itemize; meant \describe ?
checkRd: (-1) read_pars.Rd:30: Lost braces in \itemize; \value handles \item{}{} directly
checkRd: (-1) read_pars.Rd:31: Lost braces in \itemize; \value handles \item{}{} directly
checkRd: (-1) read_pars.Rd:32: Lost braces in \itemize; \value handles \item{}{} directly
checkRd: (-1) read_pars.Rd:33: Lost braces in \itemize; \value handles \item{}{} directly
checkRd: (-1) read_pars.Rd:34: Lost braces in \itemize; \value handles \item{}{} directly
checkRd: (-1) read_pars.Rd:35: Lost braces in \itemize; \value handles \item{}{} directly
checkRd: (-1) read_pars.Rd:36: Lost braces in \itemize; \value handles \item{}{} directly
checkRd: (-1) read_pars.Rd:37: Lost braces in \itemize; \value handles \item{}{} directly
checkRd: (-1) read_pars.Rd:38: Lost braces in \itemize; \value handles \item{}{} directly
checkRd: (-1) read_pars.Rd:39: Lost braces in \itemize; \value handles \item{}{} directly
Flavors: r-devel-linux-x86_64-debian-clang, r-devel-linux-x86_64-debian-gcc, r-devel-linux-x86_64-fedora-clang, r-devel-linux-x86_64-fedora-gcc, r-devel-windows-x86_64, r-patched-linux-x86_64