Last updated on 2024-04-24 18:52:50 CEST.
Flavor | Version | Tinstall | Tcheck | Ttotal | Status | Flags |
---|---|---|---|---|---|---|
r-devel-linux-x86_64-debian-clang | 0.3-0 | 4.13 | 52.91 | 57.04 | OK | --no-tests |
r-devel-linux-x86_64-debian-gcc | 0.3-0 | 3.29 | 36.14 | 39.43 | OK | --no-tests |
r-devel-windows-x86_64 | 0.3-0 | 1.00 | 5.00 | 6.00 | ERROR | |
r-patched-linux-x86_64 | 0.3-0 | 3.64 | 50.67 | 54.31 | OK | --no-tests |
r-release-linux-x86_64 | 0.3-0 | 4.69 | 48.83 | 53.52 | OK | --no-tests |
r-release-macos-arm64 | 0.3-0 | 9.00 | ERROR | |||
r-release-macos-x86_64 | 0.3-0 | 8.00 | ERROR | |||
r-release-windows-x86_64 | 0.3-0 | 1.00 | 4.00 | 5.00 | ERROR | |
r-oldrel-macos-arm64 | 0.3-0 | 10.00 | ERROR | |||
r-oldrel-macos-x86_64 | 0.3-0 | 6.00 | ERROR | |||
r-oldrel-windows-x86_64 | 0.3-0 | 1.00 | 7.00 | 8.00 | ERROR |
Version: 0.3-0
Check: package dependencies
Result: ERROR
Package required but not available: 'Rcplex'
See section 'The DESCRIPTION file' in the 'Writing R Extensions'
manual.
Flavors: r-devel-windows-x86_64, r-release-macos-arm64, r-release-macos-x86_64, r-release-windows-x86_64, r-oldrel-macos-arm64, r-oldrel-macos-x86_64, r-oldrel-windows-x86_64