Last updated on 2024-03-28 17:49:41 CET.
Flavor | Version | Tinstall | Tcheck | Ttotal | Status | Flags |
---|---|---|---|---|---|---|
r-devel-linux-x86_64-debian-clang | 0.7-10 | 4.37 | 21.64 | 26.01 | OK | |
r-devel-linux-x86_64-debian-gcc | 0.7-10 | 3.63 | 17.52 | 21.15 | OK | |
r-devel-linux-x86_64-fedora-clang | 0.7-10 | 34.25 | OK | |||
r-devel-linux-x86_64-fedora-gcc | 0.7-10 | 33.06 | OK | |||
r-devel-windows-x86_64 | 0.7-10 | 11.00 | 85.00 | 96.00 | NOTE | |
r-patched-linux-x86_64 | 0.7-10 | 4.49 | 21.98 | 26.47 | OK | |
r-release-linux-x86_64 | 0.7-10 | 4.63 | 21.56 | 26.19 | OK | |
r-release-macos-arm64 | 0.7-10 | 21.00 | OK | |||
r-release-macos-x86_64 | 0.7-10 | 40.00 | OK | |||
r-release-windows-x86_64 | 0.7-10 | 16.00 | 97.00 | 113.00 | OK | |
r-oldrel-macos-arm64 | 0.7-10 | 20.00 | OK | |||
r-oldrel-windows-x86_64 | 0.7-10 | 14.00 | 61.00 | 75.00 | OK |
Version: 0.7-10
Check: installed package size
Result: NOTE
installed size is 5.2Mb
sub-directories of 1Mb or more:
libs 5.1Mb
Flavor: r-devel-windows-x86_64