Last updated on 2024-04-17 18:56:55 CEST.
Flavor | Version | Tinstall | Tcheck | Ttotal | Status | Flags |
---|---|---|---|---|---|---|
r-devel-linux-x86_64-debian-clang | 2.2.2 | 3.16 | 38.85 | 42.01 | NOTE | |
r-devel-linux-x86_64-debian-gcc | 2.2.2 | 2.45 | 28.86 | 31.31 | NOTE | |
r-devel-linux-x86_64-fedora-clang | 2.2.2 | 52.35 | NOTE | |||
r-devel-linux-x86_64-fedora-gcc | 2.2.2 | 63.29 | NOTE | |||
r-prerel-macos-arm64 | 2.2.2 | 25.00 | NOTE | |||
r-prerel-windows-x86_64 | 2.2.2 | 4.00 | 55.00 | 59.00 | NOTE | |
r-patched-linux-x86_64 | 2.2.2 | 3.12 | 37.01 | 40.13 | NOTE | |
r-release-linux-x86_64 | 2.2.2 | 2.29 | 34.87 | 37.16 | NOTE | |
r-release-macos-arm64 | 2.2.2 | 24.00 | NOTE | |||
r-release-macos-x86_64 | 2.2.2 | 32.00 | NOTE | |||
r-release-windows-x86_64 | 2.2.2 | 4.00 | 50.00 | 54.00 | NOTE | |
r-oldrel-macos-arm64 | 2.2.2 | 18.00 | NOTE | |||
r-oldrel-windows-x86_64 | 2.2.2 | 4.00 | 53.00 | 57.00 | NOTE |
Version: 2.2.2
Check: LazyData
Result: NOTE
'LazyData' is specified without a 'data' directory
Flavors: r-devel-linux-x86_64-debian-clang, r-devel-linux-x86_64-debian-gcc, r-devel-linux-x86_64-fedora-clang, r-devel-linux-x86_64-fedora-gcc, r-prerel-macos-arm64, r-prerel-windows-x86_64, r-patched-linux-x86_64, r-release-linux-x86_64, r-release-macos-arm64, r-release-macos-x86_64, r-release-windows-x86_64, r-oldrel-macos-arm64, r-oldrel-windows-x86_64