Last updated on 2024-03-28 06:01:37 CET.
Flavor | Version | Tinstall | Tcheck | Ttotal | Status | Flags |
---|---|---|---|---|---|---|
r-devel-linux-x86_64-debian-clang | 1.7.1.8 | 2.34 | 14.52 | 16.86 | NOTE | |
r-devel-linux-x86_64-debian-gcc | 1.7.1.8 | 1.65 | 11.61 | 13.26 | NOTE | |
r-devel-linux-x86_64-fedora-clang | 1.7.1.8 | 22.26 | NOTE | |||
r-devel-linux-x86_64-fedora-gcc | 1.7.1.8 | 22.09 | NOTE | |||
r-devel-windows-x86_64 | 1.7.1.8 | 4.00 | 32.00 | 36.00 | NOTE | |
r-patched-linux-x86_64 | 1.7.1.8 | 1.91 | 14.31 | 16.22 | NOTE | |
r-release-linux-x86_64 | 1.7.1.8 | 1.92 | 13.86 | 15.78 | NOTE | |
r-release-macos-arm64 | 1.7.1.8 | 14.00 | NOTE | |||
r-release-macos-x86_64 | 1.7.1.8 | 16.00 | NOTE | |||
r-release-windows-x86_64 | 1.7.1.8 | 4.00 | 30.00 | 34.00 | NOTE | |
r-oldrel-macos-arm64 | 1.7.1.8 | 12.00 | NOTE | |||
r-oldrel-windows-x86_64 | 1.7.1.8 | 18.00 | 40.00 | 58.00 | NOTE |
Version: 1.7.1.8
Check: package dependencies
Result: NOTE
Package suggested but not available for checking: ‘gpuR’
Flavors: r-devel-linux-x86_64-debian-clang, r-devel-linux-x86_64-debian-gcc, r-devel-linux-x86_64-fedora-clang, r-devel-linux-x86_64-fedora-gcc, r-devel-windows-x86_64, r-patched-linux-x86_64, r-release-linux-x86_64, r-release-macos-arm64, r-release-macos-x86_64, r-release-windows-x86_64, r-oldrel-macos-arm64, r-oldrel-windows-x86_64
Version: 1.7.1.8
Check: installed package size
Result: NOTE
installed size is 5.3Mb
sub-directories of 1Mb or more:
include 5.3Mb
Flavors: r-devel-linux-x86_64-fedora-clang, r-devel-windows-x86_64, r-release-macos-arm64, r-release-macos-x86_64, r-release-windows-x86_64, r-oldrel-macos-arm64, r-oldrel-windows-x86_64