Last updated on 2024-04-18 06:57:55 CEST.
Flavor | Version | Tinstall | Tcheck | Ttotal | Status | Flags |
---|---|---|---|---|---|---|
r-devel-linux-x86_64-debian-clang | 2.3 | 6.81 | 54.32 | 61.13 | NOTE | |
r-devel-linux-x86_64-debian-gcc | 2.3 | 5.16 | 39.06 | 44.22 | NOTE | |
r-devel-linux-x86_64-fedora-clang | 2.3 | 74.23 | NOTE | |||
r-devel-linux-x86_64-fedora-gcc | 2.3 | 71.85 | NOTE | |||
r-prerel-macos-arm64 | 2.3 | 25.00 | NOTE | |||
r-prerel-windows-x86_64 | 2.3 | 7.00 | 67.00 | 74.00 | NOTE | |
r-patched-linux-x86_64 | 2.3 | 7.57 | 49.88 | 57.45 | NOTE | |
r-release-linux-x86_64 | 2.3 | 4.39 | 51.89 | 56.28 | OK | |
r-release-macos-arm64 | 2.3 | 25.00 | OK | |||
r-release-macos-x86_64 | 2.3 | 82.00 | OK | |||
r-release-windows-x86_64 | 2.3 | 5.00 | 72.00 | 77.00 | OK | |
r-oldrel-macos-arm64 | 2.3 | 30.00 | OK | |||
r-oldrel-windows-x86_64 | 2.3 | 8.00 | 70.00 | 78.00 | OK |
Version: 2.3
Check: Rd files
Result: NOTE
checkRd: (-1) plot.eff.ridge.Rd:6: Lost braces
6 | emph{Single Interior Knot} at the MSE Optimal m-Extent of Shrinkage. The
| ^
Flavors: r-devel-linux-x86_64-debian-clang, r-devel-linux-x86_64-debian-gcc, r-devel-linux-x86_64-fedora-clang, r-devel-linux-x86_64-fedora-gcc, r-prerel-macos-arm64, r-prerel-windows-x86_64, r-patched-linux-x86_64