Last updated on 2024-05-07 18:49:57 CEST.
Flavor | Version | Tinstall | Tcheck | Ttotal | Status | Flags |
---|---|---|---|---|---|---|
r-devel-linux-x86_64-debian-clang | 1.0.0 | 51.52 | 29.02 | 80.54 | OK | |
r-devel-linux-x86_64-debian-gcc | 1.0.0 | 39.05 | 22.40 | 61.45 | OK | |
r-devel-linux-x86_64-fedora-clang | 1.0.0 | 104.92 | OK | |||
r-devel-linux-x86_64-fedora-gcc | 1.0.0 | 172.27 | OK | |||
r-devel-windows-x86_64 | 1.0.0 | 37.00 | 65.00 | 102.00 | OK | |
r-patched-linux-x86_64 | 1.0.0 | 52.81 | 27.33 | 80.14 | OK | |
r-release-linux-x86_64 | 1.0.0 | 50.29 | 28.09 | 78.38 | OK | |
r-release-macos-arm64 | 1.0.0 | 28.00 | NOTE | |||
r-release-windows-x86_64 | 1.0.0 | 38.00 | 69.00 | 107.00 | OK | |
r-oldrel-macos-arm64 | 1.0.0 | 37.00 | NOTE | |||
r-oldrel-macos-x86_64 | 1.0.0 | 48.00 | NOTE | |||
r-oldrel-windows-x86_64 | 1.0.0 | 45.00 | 75.00 | 120.00 | OK |
Version: 1.0.0
Check: installed package size
Result: NOTE
installed size is 14.7Mb
sub-directories of 1Mb or more:
libs 14.6Mb
Flavors: r-release-macos-arm64, r-oldrel-macos-arm64, r-oldrel-macos-x86_64