Last updated on 2024-03-28 17:49:39 CET.
Flavor | Version | Tinstall | Tcheck | Ttotal | Status | Flags |
---|---|---|---|---|---|---|
r-devel-linux-x86_64-debian-clang | 0.3.14 | 157.07 | 37.23 | 194.30 | NOTE | |
r-devel-linux-x86_64-debian-gcc | 0.3.14 | 126.20 | 28.34 | 154.54 | NOTE | |
r-devel-linux-x86_64-fedora-clang | 0.3.14 | 303.18 | NOTE | |||
r-devel-linux-x86_64-fedora-gcc | 0.3.14 | 306.03 | NOTE | |||
r-devel-windows-x86_64 | 0.3.14 | 116.00 | 148.00 | 264.00 | NOTE | |
r-patched-linux-x86_64 | 0.3.14 | 166.25 | 34.89 | 201.14 | NOTE | |
r-release-linux-x86_64 | 0.3.14 | 162.28 | 34.82 | 197.10 | NOTE | |
r-release-macos-arm64 | 0.3.14 | 16.00 | ERROR | |||
r-release-macos-x86_64 | 0.3.14 | 130.00 | NOTE | |||
r-release-windows-x86_64 | 0.3.14 | 115.00 | 170.00 | 285.00 | NOTE | |
r-oldrel-macos-arm64 | 0.3.14 | 12.00 | ERROR | |||
r-oldrel-windows-x86_64 | 0.3.14 | 147.00 | 161.00 | 308.00 | NOTE |
Version: 0.3.14
Check: C++ specification
Result: NOTE
Specified C++11: please drop specification unless essential
Flavors: r-devel-linux-x86_64-debian-clang, r-devel-linux-x86_64-debian-gcc, r-devel-linux-x86_64-fedora-clang, r-devel-linux-x86_64-fedora-gcc, r-devel-windows-x86_64, r-patched-linux-x86_64, r-release-linux-x86_64, r-release-macos-x86_64, r-release-windows-x86_64
Version: 0.3.14
Check: installed package size
Result: NOTE
installed size is 8.5Mb
sub-directories of 1Mb or more:
blp 7.1Mb
Flavors: r-devel-linux-x86_64-fedora-clang, r-devel-windows-x86_64, r-release-macos-x86_64, r-release-windows-x86_64, r-oldrel-windows-x86_64
Version: 0.3.14
Check: whether package can be installed
Result: ERROR
Installation failed.
Flavors: r-release-macos-arm64, r-oldrel-macos-arm64