Last updated on 2024-03-28 17:49:39 CET.
Flavor | Version | Tinstall | Tcheck | Ttotal | Status | Flags |
---|---|---|---|---|---|---|
r-devel-linux-x86_64-debian-clang | 0.0.22 | 59.03 | 96.39 | 155.42 | OK | |
r-devel-linux-x86_64-debian-gcc | 0.0.22 | 44.08 | 70.21 | 114.29 | OK | |
r-devel-linux-x86_64-fedora-clang | 0.0.22 | 204.59 | OK | |||
r-devel-linux-x86_64-fedora-gcc | 0.0.22 | 222.34 | OK | |||
r-devel-windows-x86_64 | 0.0.22 | 57.00 | 131.00 | 188.00 | OK | |
r-patched-linux-x86_64 | 0.0.22 | 58.28 | 96.17 | 154.45 | OK | |
r-release-linux-x86_64 | 0.0.22 | 56.17 | 96.74 | 152.91 | OK | |
r-release-macos-arm64 | 0.0.22 | 69.00 | NOTE | |||
r-release-macos-x86_64 | 0.0.22 | 189.00 | NOTE | |||
r-release-windows-x86_64 | 0.0.22 | 67.00 | 167.00 | 234.00 | OK | |
r-oldrel-macos-arm64 | 0.0.22 | 60.00 | NOTE | |||
r-oldrel-windows-x86_64 | 0.0.22 | 66.00 | 147.00 | 213.00 | OK |
Version: 0.0.22
Check: installed package size
Result: NOTE
installed size is 6.5Mb
sub-directories of 1Mb or more:
libs 6.2Mb
Flavors: r-release-macos-arm64, r-release-macos-x86_64, r-oldrel-macos-arm64