Last updated on 2024-05-07 18:49:57 CEST.
Flavor | Version | Tinstall | Tcheck | Ttotal | Status | Flags |
---|---|---|---|---|---|---|
r-devel-linux-x86_64-debian-clang | 0.0.4 | 25.40 | 27.48 | 52.88 | NOTE | |
r-devel-linux-x86_64-debian-gcc | 0.0.4 | 17.30 | 21.50 | 38.80 | NOTE | |
r-devel-linux-x86_64-fedora-clang | 0.0.4 | 74.87 | NOTE | |||
r-devel-linux-x86_64-fedora-gcc | 0.0.4 | 117.84 | NOTE | |||
r-devel-windows-x86_64 | 0.0.4 | 24.00 | 65.00 | 89.00 | NOTE | |
r-patched-linux-x86_64 | 0.0.4 | 24.97 | 27.26 | 52.23 | NOTE | |
r-release-linux-x86_64 | 0.0.4 | 25.61 | 26.46 | 52.07 | NOTE | |
r-release-macos-arm64 | 0.0.4 | 22.00 | NOTE | |||
r-release-windows-x86_64 | 0.0.4 | 25.00 | 70.00 | 95.00 | NOTE | |
r-oldrel-macos-arm64 | 0.0.4 | 24.00 | NOTE | |||
r-oldrel-macos-x86_64 | 0.0.4 | 33.00 | NOTE | |||
r-oldrel-windows-x86_64 | 0.0.4 | 28.00 | 119.00 | 147.00 | NOTE |
Version: 0.0.4
Check: C++ specification
Result: NOTE
Specified C++11: please drop specification unless essential
Flavors: r-devel-linux-x86_64-debian-clang, r-devel-linux-x86_64-debian-gcc, r-devel-linux-x86_64-fedora-clang, r-devel-linux-x86_64-fedora-gcc, r-devel-windows-x86_64, r-patched-linux-x86_64, r-release-linux-x86_64, r-release-macos-arm64, r-release-windows-x86_64, r-oldrel-macos-arm64, r-oldrel-macos-x86_64, r-oldrel-windows-x86_64