Last updated on 2024-05-07 18:49:57 CEST.
Flavor | Version | Tinstall | Tcheck | Ttotal | Status | Flags |
---|---|---|---|---|---|---|
r-devel-linux-x86_64-debian-clang | 0.6.0 | 40.54 | 54.46 | 95.00 | OK | |
r-devel-linux-x86_64-debian-gcc | 0.6.0 | 31.68 | 40.10 | 71.78 | OK | |
r-devel-linux-x86_64-fedora-clang | 0.6.0 | 123.00 | OK | |||
r-devel-linux-x86_64-fedora-gcc | 0.6.0 | 268.84 | OK | |||
r-devel-windows-x86_64 | 0.6.0 | 33.00 | 90.00 | 123.00 | OK | |
r-patched-linux-x86_64 | 0.6.0 | 41.13 | 50.29 | 91.42 | OK | |
r-release-linux-x86_64 | 0.6.0 | 41.45 | 51.05 | 92.50 | OK | |
r-release-macos-arm64 | 0.6.0 | 34.00 | NOTE | |||
r-release-macos-x86_64 | 0.6.0 | 129.00 | NOTE | |||
r-release-windows-x86_64 | 0.6.0 | 34.00 | 96.00 | 130.00 | OK | |
r-oldrel-macos-arm64 | 0.6.0 | 43.00 | NOTE | |||
r-oldrel-macos-x86_64 | 0.6.0 | 141.00 | NOTE | |||
r-oldrel-windows-x86_64 | 0.6.0 | 42.00 | 100.00 | 142.00 | OK |
Version: 0.6.0
Check: installed package size
Result: NOTE
installed size is 6.3Mb
sub-directories of 1Mb or more:
libs 6.1Mb
Flavors: r-release-macos-arm64, r-release-macos-x86_64, r-oldrel-macos-arm64, r-oldrel-macos-x86_64